{"id":1134,"date":"2020-11-05T08:10:45","date_gmt":"2020-11-05T07:10:45","guid":{"rendered":"https:\/\/denkmal2020.pax.de\/?page_id=1134"},"modified":"2020-11-05T08:14:08","modified_gmt":"2020-11-05T07:14:08","slug":"die-geschichte-des-klosters","status":"publish","type":"page","link":"https:\/\/denkmal2020.pax.de\/index.php\/die-geschichte-des-klosters\/","title":{"rendered":"Die Geschichte des Klosters"},"content":{"rendered":"\n<figure class=\"wp-block-image size-full\"><img loading=\"lazy\" width=\"1900\" height=\"1200\" src=\"https:\/\/denkmal2020.pax.de\/wp-content\/uploads\/2020\/09\/MG_0071_1900x1200_80.jpg\" alt=\"\" class=\"wp-image-875\" srcset=\"https:\/\/denkmal2020.pax.de\/wp-content\/uploads\/2020\/09\/MG_0071_1900x1200_80.jpg 1900w, https:\/\/denkmal2020.pax.de\/wp-content\/uploads\/2020\/09\/MG_0071_1900x1200_80-1024x647.jpg 1024w, https:\/\/denkmal2020.pax.de\/wp-content\/uploads\/2020\/09\/MG_0071_1900x1200_80-768x485.jpg 768w, https:\/\/denkmal2020.pax.de\/wp-content\/uploads\/2020\/09\/MG_0071_1900x1200_80-1536x970.jpg 1536w, https:\/\/denkmal2020.pax.de\/wp-content\/uploads\/2020\/09\/MG_0071_1900x1200_80-602x380.jpg 602w, https:\/\/denkmal2020.pax.de\/wp-content\/uploads\/2020\/09\/MG_0071_1900x1200_80-800x505.jpg 800w, https:\/\/denkmal2020.pax.de\/wp-content\/uploads\/2020\/09\/MG_0071_1900x1200_80-285x180.jpg 285w\" sizes=\"(max-width: 1900px) 100vw, 1900px\" \/><\/figure>\n\n\n\n<p>Die erste urkundliche Erw\u00e4hnung&nbsp;vom Kloster Engelthal&nbsp;geht auf das&nbsp;Jahr 1290 zur\u00fcck. Ab 1556 bedingte die Reformation&nbsp;extreme Einschr\u00e4nkungen im Klosterbetrieb, im Verlauf des Drei\u00dfigj\u00e4hrigen Kriegs&nbsp;erlag er durch die fast v\u00f6llige Zerst\u00f6rung der Geb\u00e4ude vollst\u00e4ndig.&nbsp;Ab 2011 wurden der verbliebene Dreiseithof in enger Abstimmung mit dem Landesamt f\u00fcr Denkmalpflege und der regionalen Denkmalpflege restauriert und durch Erg\u00e4nzungsbauten verbunden.&nbsp;Nach umfassenden Restaurierungs- und Umbauma\u00dfnahmen&nbsp;werden die Geb\u00e4ude&nbsp;durch&nbsp;das Ingelheimer Weingut Wasem bewirtschaftet und unter anderem als Konferenzst\u00e4tte genutzt.<\/p>\n<div class=\"wp-block-image\"><figure class=\"alignright size-large\"><a href=\"\/index.php\/exponat-3\/\"><img src=\"\/wp-content\/uploads\/2020\/09\/zurueck.svg\" alt=\"\" class=\"wp-image-660\"\/><\/a><\/figure><\/div>\n","protected":false},"excerpt":{"rendered":"<p>Die erste urkundliche Erw\u00e4hnung&nbsp;vom Kloster Engelthal&nbsp;geht auf das&nbsp;Jahr 1290 zur\u00fcck. Ab 1556 bedingte die Reformation&nbsp;extreme Einschr\u00e4nkungen im Klosterbetrieb, im Verlauf des Drei\u00dfigj\u00e4hrigen Kriegs&nbsp;erlag er durch die fast v\u00f6llige Zerst\u00f6rung der Geb\u00e4ude vollst\u00e4ndig.&nbsp;Ab 2011 wurden der verbliebene Dreiseithof in enger Abstimmung mit dem Landesamt f\u00fcr Denkmalpflege und der regionalen Denkmalpflege restauriert und durch Erg\u00e4nzungsbauten verbunden.&nbsp;Nach umfassenden\u2026 <a class=\"excerpt-dot\" href=\"https:\/\/denkmal2020.pax.de\/index.php\/die-geschichte-des-klosters\/\" title=\"Die Geschichte des Klosters\"><svg xmlns=\"http:\/\/www.w3.org\/2000\/svg\" version=\"1.1\" x=\"0\" y=\"0\" width=\"30.2\" height=\"14.2\" viewBox=\"0 0 30.2 14.2\" enable-background=\"new 0 0 30.167 14.168\" xml:space=\"preserve\"><path d=\"M0.1 7.1c0-0.4 0.4-0.8 0.8-0.8h26.5l-5-4.9c-0.3-0.3-0.3-0.8 0-1.1 0.3-0.3 0.8-0.3 1.1 0l6.3 6.2c0.3 0.3 0.3 0.8 0 1.1l-6.3 6.2c-0.2 0.2-0.4 0.2-0.6 0.2 -0.2 0-0.4-0.1-0.6-0.2 -0.3-0.3-0.3-0.8 0-1.1l4.9-4.8H0.9C0.5 7.9 0.1 7.6 0.1 7.1z\"\/><\/svg><\/a><\/p>\n","protected":false},"author":1,"featured_media":0,"parent":0,"menu_order":0,"comment_status":"closed","ping_status":"closed","template":"","meta":[],"_links":{"self":[{"href":"https:\/\/denkmal2020.pax.de\/index.php\/wp-json\/wp\/v2\/pages\/1134"}],"collection":[{"href":"https:\/\/denkmal2020.pax.de\/index.php\/wp-json\/wp\/v2\/pages"}],"about":[{"href":"https:\/\/denkmal2020.pax.de\/index.php\/wp-json\/wp\/v2\/types\/page"}],"author":[{"embeddable":true,"href":"https:\/\/denkmal2020.pax.de\/index.php\/wp-json\/wp\/v2\/users\/1"}],"replies":[{"embeddable":true,"href":"https:\/\/denkmal2020.pax.de\/index.php\/wp-json\/wp\/v2\/comments?post=1134"}],"version-history":[{"count":2,"href":"https:\/\/denkmal2020.pax.de\/index.php\/wp-json\/wp\/v2\/pages\/1134\/revisions"}],"predecessor-version":[{"id":1136,"href":"https:\/\/denkmal2020.pax.de\/index.php\/wp-json\/wp\/v2\/pages\/1134\/revisions\/1136"}],"wp:attachment":[{"href":"https:\/\/denkmal2020.pax.de\/index.php\/wp-json\/wp\/v2\/media?parent=1134"}],"curies":[{"name":"wp","href":"https:\/\/api.w.org\/{rel}","templated":true}]}}

<figure class="wp-block-image size-full"><img loading="lazy" width="1900" height="1200" src="https://denkmal2020.pax.de/wp-content/uploads/2020/09/MG_0071_1900x1200_80.jpg" alt="" class="wp-image-875" srcset="https://denkmal2020.pax.de/wp-content/uploads/2020/09/MG_0071_1900x1200_80.jpg 1900w, https://denkmal2020.pax.de/wp-content/uploads/2020/09/MG_0071_1900x1200_80-1024x647.jpg 1024w, https://denkmal2020.pax.de/wp-content/uploads/2020/09/MG_0071_1900x1200_80-768x485.jpg 768w, https://denkmal2020.pax.de/wp-content/uploads/2020/09/MG_0071_1900x1200_80-1536x970.jpg 1536w, https://denkmal2020.pax.de/wp-content/uploads/2020/09/MG_0071_1900x1200_80-602x380.jpg 602w, https://denkmal2020.pax.de/wp-content/uploads/2020/09/MG_0071_1900x1200_80-800x505.jpg 800w, https://denkmal2020.pax.de/wp-content/uploads/2020/09/MG_0071_1900x1200_80-285x180.jpg 285w" sizes="(max-width: 1900px) 100vw, 1900px" /></figure>



<p>Die erste urkundliche Erwähnung&nbsp;vom Kloster Engelthal&nbsp;geht auf das&nbsp;Jahr 1290 zurück. Ab 1556 bedingte die Reformation&nbsp;extreme Einschränkungen im Klosterbetrieb, im Verlauf des Dreißigjährigen Kriegs&nbsp;erlag er durch die fast völlige Zerstörung der Gebäude vollständig.&nbsp;Ab 2011 wurden der verbliebene Dreiseithof in enger Abstimmung mit dem Landesamt für Denkmalpflege und der regionalen Denkmalpflege restauriert und durch Ergänzungsbauten verbunden.&nbsp;Nach umfassenden Restaurierungs- und Umbaumaßnahmen&nbsp;werden die Gebäude&nbsp;durch&nbsp;das Ingelheimer Weingut Wasem bewirtschaftet und unter anderem als Konferenzstätte genutzt.</p>
<div class="wp-block-image"><figure class="alignright size-large"><a href="/index.php/exponat-3/"><img src="/wp-content/uploads/2020/09/zurueck.svg" alt="" class="wp-image-660"/></a></figure></div>

<p>Die erste urkundliche Erwähnung&nbsp;vom Kloster Engelthal&nbsp;geht auf das&nbsp;Jahr 1290 zurück. Ab 1556 bedingte die Reformation&nbsp;extreme Einschränkungen im Klosterbetrieb, im Verlauf des Dreißigjährigen Kriegs&nbsp;erlag er durch die fast völlige Zerstörung der Gebäude vollständig.&nbsp;Ab 2011 wurden der verbliebene Dreiseithof in enger Abstimmung mit dem Landesamt für Denkmalpflege und der regionalen Denkmalpflege restauriert und durch Ergänzungsbauten verbunden.&nbsp;Nach umfassenden… <a class="excerpt-dot" href="https://denkmal2020.pax.de/index.php/die-geschichte-des-klosters/" title="Die Geschichte des Klosters"><svg xmlns="http://www.w3.org/2000/svg" version="1.1" x="0" y="0" width="30.2" height="14.2" viewBox="0 0 30.2 14.2" enable-background="new 0 0 30.167 14.168" xml:space="preserve"><path d="M0.1 7.1c0-0.4 0.4-0.8 0.8-0.8h26.5l-5-4.9c-0.3-0.3-0.3-0.8 0-1.1 0.3-0.3 0.8-0.3 1.1 0l6.3 6.2c0.3 0.3 0.3 0.8 0 1.1l-6.3 6.2c-0.2 0.2-0.4 0.2-0.6 0.2 -0.2 0-0.4-0.1-0.6-0.2 -0.3-0.3-0.3-0.8 0-1.1l4.9-4.8H0.9C0.5 7.9 0.1 7.6 0.1 7.1z"/></svg></a></p>
