{"id":1140,"date":"2020-11-05T08:20:47","date_gmt":"2020-11-05T07:20:47","guid":{"rendered":"https:\/\/denkmal2020.pax.de\/?page_id=1140"},"modified":"2020-11-05T08:20:58","modified_gmt":"2020-11-05T07:20:58","slug":"details-der-fenster","status":"publish","type":"page","link":"https:\/\/denkmal2020.pax.de\/index.php\/details-der-fenster\/","title":{"rendered":"Details der Fenster"},"content":{"rendered":"\n<figure class=\"wp-block-image size-full\"><img loading=\"lazy\" width=\"1900\" height=\"1200\" src=\"https:\/\/denkmal2020.pax.de\/wp-content\/uploads\/2020\/09\/MG_0045_1900x1200_80.jpg\" alt=\"\" class=\"wp-image-877\" srcset=\"https:\/\/denkmal2020.pax.de\/wp-content\/uploads\/2020\/09\/MG_0045_1900x1200_80.jpg 1900w, https:\/\/denkmal2020.pax.de\/wp-content\/uploads\/2020\/09\/MG_0045_1900x1200_80-1024x647.jpg 1024w, https:\/\/denkmal2020.pax.de\/wp-content\/uploads\/2020\/09\/MG_0045_1900x1200_80-768x485.jpg 768w, https:\/\/denkmal2020.pax.de\/wp-content\/uploads\/2020\/09\/MG_0045_1900x1200_80-1536x970.jpg 1536w, https:\/\/denkmal2020.pax.de\/wp-content\/uploads\/2020\/09\/MG_0045_1900x1200_80-602x380.jpg 602w, https:\/\/denkmal2020.pax.de\/wp-content\/uploads\/2020\/09\/MG_0045_1900x1200_80-800x505.jpg 800w, https:\/\/denkmal2020.pax.de\/wp-content\/uploads\/2020\/09\/MG_0045_1900x1200_80-285x180.jpg 285w\" sizes=\"(max-width: 1900px) 100vw, 1900px\" \/><\/figure>\n\n\n\n<p>Das Ausfr\u00e4sen der Deckleisten erzeugt einen wunderbaren \u00dcbergang von den historischen W\u00e4nden zu den neuen Fenstern. Die schwarzen B\u00e4nder und die klassischen Griffoliven auf den profilierten Schlagleisten sind liebenswerte Zitate und eine w\u00fcrdige Erinnerung an die wenigen Jahrhundertwendefenster, die nicht mehr gerettet werden konnten.<\/p>\n<div class=\"wp-block-image\"><figure class=\"alignright size-large\"><a href=\"\/index.php\/exponat-3\/\"><img src=\"\/wp-content\/uploads\/2020\/09\/zurueck.svg\" alt=\"\" class=\"wp-image-660\"\/><\/a><\/figure><\/div>\n","protected":false},"excerpt":{"rendered":"<p>Das Ausfr\u00e4sen der Deckleisten erzeugt einen wunderbaren \u00dcbergang von den historischen W\u00e4nden zu den neuen Fenstern. Die schwarzen B\u00e4nder und die klassischen Griffoliven auf den profilierten Schlagleisten sind liebenswerte Zitate und eine w\u00fcrdige Erinnerung an die wenigen Jahrhundertwendefenster, die nicht mehr gerettet werden konnten.<\/p>\n","protected":false},"author":1,"featured_media":0,"parent":0,"menu_order":0,"comment_status":"closed","ping_status":"closed","template":"","meta":[],"_links":{"self":[{"href":"https:\/\/denkmal2020.pax.de\/index.php\/wp-json\/wp\/v2\/pages\/1140"}],"collection":[{"href":"https:\/\/denkmal2020.pax.de\/index.php\/wp-json\/wp\/v2\/pages"}],"about":[{"href":"https:\/\/denkmal2020.pax.de\/index.php\/wp-json\/wp\/v2\/types\/page"}],"author":[{"embeddable":true,"href":"https:\/\/denkmal2020.pax.de\/index.php\/wp-json\/wp\/v2\/users\/1"}],"replies":[{"embeddable":true,"href":"https:\/\/denkmal2020.pax.de\/index.php\/wp-json\/wp\/v2\/comments?post=1140"}],"version-history":[{"count":2,"href":"https:\/\/denkmal2020.pax.de\/index.php\/wp-json\/wp\/v2\/pages\/1140\/revisions"}],"predecessor-version":[{"id":1142,"href":"https:\/\/denkmal2020.pax.de\/index.php\/wp-json\/wp\/v2\/pages\/1140\/revisions\/1142"}],"wp:attachment":[{"href":"https:\/\/denkmal2020.pax.de\/index.php\/wp-json\/wp\/v2\/media?parent=1140"}],"curies":[{"name":"wp","href":"https:\/\/api.w.org\/{rel}","templated":true}]}}

<figure class="wp-block-image size-full"><img loading="lazy" width="1900" height="1200" src="https://denkmal2020.pax.de/wp-content/uploads/2020/09/MG_0045_1900x1200_80.jpg" alt="" class="wp-image-877" srcset="https://denkmal2020.pax.de/wp-content/uploads/2020/09/MG_0045_1900x1200_80.jpg 1900w, https://denkmal2020.pax.de/wp-content/uploads/2020/09/MG_0045_1900x1200_80-1024x647.jpg 1024w, https://denkmal2020.pax.de/wp-content/uploads/2020/09/MG_0045_1900x1200_80-768x485.jpg 768w, https://denkmal2020.pax.de/wp-content/uploads/2020/09/MG_0045_1900x1200_80-1536x970.jpg 1536w, https://denkmal2020.pax.de/wp-content/uploads/2020/09/MG_0045_1900x1200_80-602x380.jpg 602w, https://denkmal2020.pax.de/wp-content/uploads/2020/09/MG_0045_1900x1200_80-800x505.jpg 800w, https://denkmal2020.pax.de/wp-content/uploads/2020/09/MG_0045_1900x1200_80-285x180.jpg 285w" sizes="(max-width: 1900px) 100vw, 1900px" /></figure>



<p>Das Ausfräsen der Deckleisten erzeugt einen wunderbaren Übergang von den historischen Wänden zu den neuen Fenstern. Die schwarzen Bänder und die klassischen Griffoliven auf den profilierten Schlagleisten sind liebenswerte Zitate und eine würdige Erinnerung an die wenigen Jahrhundertwendefenster, die nicht mehr gerettet werden konnten.</p>
<div class="wp-block-image"><figure class="alignright size-large"><a href="/index.php/exponat-3/"><img src="/wp-content/uploads/2020/09/zurueck.svg" alt="" class="wp-image-660"/></a></figure></div>

<p>Das Ausfräsen der Deckleisten erzeugt einen wunderbaren Übergang von den historischen Wänden zu den neuen Fenstern. Die schwarzen Bänder und die klassischen Griffoliven auf den profilierten Schlagleisten sind liebenswerte Zitate und eine würdige Erinnerung an die wenigen Jahrhundertwendefenster, die nicht mehr gerettet werden konnten.</p>
