{"id":1158,"date":"2020-11-05T09:35:00","date_gmt":"2020-11-05T08:35:00","guid":{"rendered":"https:\/\/denkmal2020.pax.de\/?page_id=1158"},"modified":"2020-11-05T09:37:17","modified_gmt":"2020-11-05T08:37:17","slug":"gutes_licht","status":"publish","type":"page","link":"https:\/\/denkmal2020.pax.de\/index.php\/gutes_licht\/","title":{"rendered":"PaXcuralux sorgt f\u00fcr &#8220;gutes&#8221; Licht"},"content":{"rendered":"\n<figure class=\"wp-block-image size-full\"><img loading=\"lazy\" width=\"1920\" height=\"1080\" src=\"https:\/\/denkmal2020.pax.de\/wp-content\/uploads\/2020\/11\/10840857.jpg\" alt=\"\" class=\"wp-image-1159\" srcset=\"https:\/\/denkmal2020.pax.de\/wp-content\/uploads\/2020\/11\/10840857.jpg 1920w, https:\/\/denkmal2020.pax.de\/wp-content\/uploads\/2020\/11\/10840857-1024x576.jpg 1024w, https:\/\/denkmal2020.pax.de\/wp-content\/uploads\/2020\/11\/10840857-768x432.jpg 768w, https:\/\/denkmal2020.pax.de\/wp-content\/uploads\/2020\/11\/10840857-1536x864.jpg 1536w, https:\/\/denkmal2020.pax.de\/wp-content\/uploads\/2020\/11\/10840857-676x380.jpg 676w, https:\/\/denkmal2020.pax.de\/wp-content\/uploads\/2020\/11\/10840857-800x450.jpg 800w, https:\/\/denkmal2020.pax.de\/wp-content\/uploads\/2020\/11\/10840857-320x180.jpg 320w\" sizes=\"(max-width: 1920px) 100vw, 1920px\" \/><\/figure>\n\n\n\n<p>Alterungsprozesse werden ganz wesentlich durch den Einfluss von Energie, insbesondere durch Sonneneinstrahlung, bewirkt und verst\u00e4rkt. Neben dem f\u00fcr Menschen sichtbaren Licht im Bereich von 380 nm bis 780 nm ist vor allem die hochenergetische ultraviolette Strahlung ab 280 nm f\u00fcr solche nat\u00fcrlichen Alterungsprozesse verantwortlich. Der Strahlungsbereich kleiner als 280 nm wird von der Erdatmosph\u00e4re absorbiert und erreicht nicht den Erdboden. <\/p>\n\n\n\n<p>Viele Materialien, wie etwa Papier, unbehandeltes Holz, Pigmente, Leder, Haut, Haar oder Bindemittel altern auch erheblich durch Strahlungen im sichtbaren Bereich, also jenseits der UV-Strahlung um die 380 nm. Bei einer Zweifach-Standard-Isolierverglasung treffen immer noch 25 %, bei einer Dreifach-Isolierverglasung bis zu 18 % der sch\u00e4dlichen UV-Strahlung auf sch\u00fctzenswerte Objekte. Gerade im Denkmalschutzbereich und in Museen m\u00fcssen Einrichtung und Exponate, die traditionell durch Fenster in ein nat\u00fcrliches Sonnenlicht getaucht werden, vor dieser Strahlung gesch\u00fctzt werden. Anderseits erhalten diese erst durch nat\u00fcrliches und unverf\u00e4lschtes Sonnenlicht ihre eigentliche Sch\u00f6nheit.<\/p>\n\n\n\n<p>Durch den Einsatz von Standard-Folien, wie man sie beispielsweise in Verbundsicherheitsglas (VSG) einsetzt, werden mehr als 99 % der nat\u00fcrlichen UV-Strahlung bis zu einer Wellenl\u00e4nge von 380 nm absorbiert. Dabei tritt keine deutlich wahrnehmbare Verf\u00e4rbung des Lichts auf. Um jedoch auch 99 % der Strahlung bis 420 nm im f\u00fcr viele Stoffe fotochemisch kritischen Bereich von Einrichtung und Exponaten fernzuhalten, sind Spezialfolien oder speziell eingef\u00e4rbte Gl\u00e4ser notwendig. Allerdings verschiebt sich die Farbwiedergabe des durch solches Glas einfallenden, sichtbaren Lichts physikalisch unabwendbar ins Gelbliche, weil erhebliche Teile des violetten und blauen Spektrums von solchen Gl\u00e4sern herausgefiltert werden. Es liegt im Ermessen des Entscheidungstr\u00e4gers, welchen Schutz vor Alterungsprozessen er f\u00fcr seine Einrichtung notwendig h\u00e4lt und wie viel des nat\u00fcrlichen Farbeindrucks er dem Betrachter erhalten m\u00f6chte. <\/p>\n\n\n\n<p>An diesem Punkt setzt PaX mit <strong>PaXcuralux<\/strong> an. Diese Produktlinie f\u00fcr Verglasungen besitzt spezielle Filtereigenschaften zur Minimierung von sch\u00e4dlichen Lichtbestandteilen. Konservatorischen und musealen Anforderungen kommt dieses Glas sehr entgegen. Schutz und Erhaltung von unwiederbringlichen Kunst- und Kulturg\u00fctern verlangen eine bestm\u00f6gliche Filterung sch\u00e4dlicher Lichtbestandteile.<\/p>\n\n\n\n<p>Aber auch im privaten und gewerblichen Bereich ist es sinnvoll, Werte und Bausubstanz mit sch\u00fctzenden Verglasungen zu erhalten. PaXcuralux bietet eine abgestimmte Filterung der sch\u00e4dlichen UV- und IR-Bestandteile des Lichtes, wobei der nat\u00fcrliche Farbeindruck und das Reflexionsverhalten weitgehend erhalten bleiben. Zus\u00e4tzlich bieten wir besonders f\u00fcr den Bereich des Denkmalschutzes Kombinationen mit historisch anmutenden Glasoberfl\u00e4chen an, um den Forderungen nach einer zeitgen\u00f6ssischen Optik mit optimalem Schutz zu verbinden.<\/p>\n<div class=\"wp-block-image\"><figure class=\"alignright size-large\"><a href=\"\/index.php\/uv-ir-bilderkarrussel\/\"><img src=\"\/wp-content\/uploads\/2020\/09\/zurueck.svg\" alt=\"\" class=\"wp-image-660\"><\/a><\/figure><\/div>\n","protected":false},"excerpt":{"rendered":"<p>Alterungsprozesse werden ganz wesentlich durch den Einfluss von Energie, insbesondere durch Sonneneinstrahlung, bewirkt und verst\u00e4rkt. Neben dem f\u00fcr Menschen sichtbaren Licht im Bereich von 380 nm bis 780 nm ist vor allem die hochenergetische ultraviolette Strahlung ab 280 nm f\u00fcr solche nat\u00fcrlichen Alterungsprozesse verantwortlich. Der Strahlungsbereich kleiner als 280 nm wird von der Erdatmosph\u00e4re absorbiert\u2026 <a class=\"excerpt-dot\" href=\"https:\/\/denkmal2020.pax.de\/index.php\/gutes_licht\/\" title=\"PaXcuralux sorgt f\u00fcr &#8220;gutes&#8221; Licht\"><svg xmlns=\"http:\/\/www.w3.org\/2000\/svg\" version=\"1.1\" x=\"0\" y=\"0\" width=\"30.2\" height=\"14.2\" viewBox=\"0 0 30.2 14.2\" enable-background=\"new 0 0 30.167 14.168\" xml:space=\"preserve\"><path d=\"M0.1 7.1c0-0.4 0.4-0.8 0.8-0.8h26.5l-5-4.9c-0.3-0.3-0.3-0.8 0-1.1 0.3-0.3 0.8-0.3 1.1 0l6.3 6.2c0.3 0.3 0.3 0.8 0 1.1l-6.3 6.2c-0.2 0.2-0.4 0.2-0.6 0.2 -0.2 0-0.4-0.1-0.6-0.2 -0.3-0.3-0.3-0.8 0-1.1l4.9-4.8H0.9C0.5 7.9 0.1 7.6 0.1 7.1z\"\/><\/svg><\/a><\/p>\n","protected":false},"author":1,"featured_media":0,"parent":0,"menu_order":0,"comment_status":"closed","ping_status":"closed","template":"","meta":[],"_links":{"self":[{"href":"https:\/\/denkmal2020.pax.de\/index.php\/wp-json\/wp\/v2\/pages\/1158"}],"collection":[{"href":"https:\/\/denkmal2020.pax.de\/index.php\/wp-json\/wp\/v2\/pages"}],"about":[{"href":"https:\/\/denkmal2020.pax.de\/index.php\/wp-json\/wp\/v2\/types\/page"}],"author":[{"embeddable":true,"href":"https:\/\/denkmal2020.pax.de\/index.php\/wp-json\/wp\/v2\/users\/1"}],"replies":[{"embeddable":true,"href":"https:\/\/denkmal2020.pax.de\/index.php\/wp-json\/wp\/v2\/comments?post=1158"}],"version-history":[{"count":3,"href":"https:\/\/denkmal2020.pax.de\/index.php\/wp-json\/wp\/v2\/pages\/1158\/revisions"}],"predecessor-version":[{"id":1162,"href":"https:\/\/denkmal2020.pax.de\/index.php\/wp-json\/wp\/v2\/pages\/1158\/revisions\/1162"}],"wp:attachment":[{"href":"https:\/\/denkmal2020.pax.de\/index.php\/wp-json\/wp\/v2\/media?parent=1158"}],"curies":[{"name":"wp","href":"https:\/\/api.w.org\/{rel}","templated":true}]}}

PaXcuralux sorgt für &#8220;gutes&#8221; Licht

<figure class="wp-block-image size-full"><img loading="lazy" width="1920" height="1080" src="https://denkmal2020.pax.de/wp-content/uploads/2020/11/10840857.jpg" alt="" class="wp-image-1159" srcset="https://denkmal2020.pax.de/wp-content/uploads/2020/11/10840857.jpg 1920w, https://denkmal2020.pax.de/wp-content/uploads/2020/11/10840857-1024x576.jpg 1024w, https://denkmal2020.pax.de/wp-content/uploads/2020/11/10840857-768x432.jpg 768w, https://denkmal2020.pax.de/wp-content/uploads/2020/11/10840857-1536x864.jpg 1536w, https://denkmal2020.pax.de/wp-content/uploads/2020/11/10840857-676x380.jpg 676w, https://denkmal2020.pax.de/wp-content/uploads/2020/11/10840857-800x450.jpg 800w, https://denkmal2020.pax.de/wp-content/uploads/2020/11/10840857-320x180.jpg 320w" sizes="(max-width: 1920px) 100vw, 1920px" /></figure>



<p>Alterungsprozesse werden ganz wesentlich durch den Einfluss von Energie, insbesondere durch Sonneneinstrahlung, bewirkt und verstärkt. Neben dem für Menschen sichtbaren Licht im Bereich von 380 nm bis 780 nm ist vor allem die hochenergetische ultraviolette Strahlung ab 280 nm für solche natürlichen Alterungsprozesse verantwortlich. Der Strahlungsbereich kleiner als 280 nm wird von der Erdatmosphäre absorbiert und erreicht nicht den Erdboden. </p>



<p>Viele Materialien, wie etwa Papier, unbehandeltes Holz, Pigmente, Leder, Haut, Haar oder Bindemittel altern auch erheblich durch Strahlungen im sichtbaren Bereich, also jenseits der UV-Strahlung um die 380 nm. Bei einer Zweifach-Standard-Isolierverglasung treffen immer noch 25 %, bei einer Dreifach-Isolierverglasung bis zu 18 % der schädlichen UV-Strahlung auf schützenswerte Objekte. Gerade im Denkmalschutzbereich und in Museen müssen Einrichtung und Exponate, die traditionell durch Fenster in ein natürliches Sonnenlicht getaucht werden, vor dieser Strahlung geschützt werden. Anderseits erhalten diese erst durch natürliches und unverfälschtes Sonnenlicht ihre eigentliche Schönheit.</p>



<p>Durch den Einsatz von Standard-Folien, wie man sie beispielsweise in Verbundsicherheitsglas (VSG) einsetzt, werden mehr als 99 % der natürlichen UV-Strahlung bis zu einer Wellenlänge von 380 nm absorbiert. Dabei tritt keine deutlich wahrnehmbare Verfärbung des Lichts auf. Um jedoch auch 99 % der Strahlung bis 420 nm im für viele Stoffe fotochemisch kritischen Bereich von Einrichtung und Exponaten fernzuhalten, sind Spezialfolien oder speziell eingefärbte Gläser notwendig. Allerdings verschiebt sich die Farbwiedergabe des durch solches Glas einfallenden, sichtbaren Lichts physikalisch unabwendbar ins Gelbliche, weil erhebliche Teile des violetten und blauen Spektrums von solchen Gläsern herausgefiltert werden. Es liegt im Ermessen des Entscheidungsträgers, welchen Schutz vor Alterungsprozessen er für seine Einrichtung notwendig hält und wie viel des natürlichen Farbeindrucks er dem Betrachter erhalten möchte. </p>



<p>An diesem Punkt setzt PaX mit <strong>PaXcuralux</strong> an. Diese Produktlinie für Verglasungen besitzt spezielle Filtereigenschaften zur Minimierung von schädlichen Lichtbestandteilen. Konservatorischen und musealen Anforderungen kommt dieses Glas sehr entgegen. Schutz und Erhaltung von unwiederbringlichen Kunst- und Kulturgütern verlangen eine bestmögliche Filterung schädlicher Lichtbestandteile.</p>



<p>Aber auch im privaten und gewerblichen Bereich ist es sinnvoll, Werte und Bausubstanz mit schützenden Verglasungen zu erhalten. PaXcuralux bietet eine abgestimmte Filterung der schädlichen UV- und IR-Bestandteile des Lichtes, wobei der natürliche Farbeindruck und das Reflexionsverhalten weitgehend erhalten bleiben. Zusätzlich bieten wir besonders für den Bereich des Denkmalschutzes Kombinationen mit historisch anmutenden Glasoberflächen an, um den Forderungen nach einer zeitgenössischen Optik mit optimalem Schutz zu verbinden.</p>
<div class="wp-block-image"><figure class="alignright size-large"><a href="/index.php/uv-ir-bilderkarrussel/"><img src="/wp-content/uploads/2020/09/zurueck.svg" alt="" class="wp-image-660"></a></figure></div>

<p>Alterungsprozesse werden ganz wesentlich durch den Einfluss von Energie, insbesondere durch Sonneneinstrahlung, bewirkt und verstärkt. Neben dem für Menschen sichtbaren Licht im Bereich von 380 nm bis 780 nm ist vor allem die hochenergetische ultraviolette Strahlung ab 280 nm für solche natürlichen Alterungsprozesse verantwortlich. Der Strahlungsbereich kleiner als 280 nm wird von der Erdatmosphäre absorbiert… <a class="excerpt-dot" href="https://denkmal2020.pax.de/index.php/gutes_licht/" title="PaXcuralux sorgt für &#8220;gutes&#8221; Licht"><svg xmlns="http://www.w3.org/2000/svg" version="1.1" x="0" y="0" width="30.2" height="14.2" viewBox="0 0 30.2 14.2" enable-background="new 0 0 30.167 14.168" xml:space="preserve"><path d="M0.1 7.1c0-0.4 0.4-0.8 0.8-0.8h26.5l-5-4.9c-0.3-0.3-0.3-0.8 0-1.1 0.3-0.3 0.8-0.3 1.1 0l6.3 6.2c0.3 0.3 0.3 0.8 0 1.1l-6.3 6.2c-0.2 0.2-0.4 0.2-0.6 0.2 -0.2 0-0.4-0.1-0.6-0.2 -0.3-0.3-0.3-0.8 0-1.1l4.9-4.8H0.9C0.5 7.9 0.1 7.6 0.1 7.1z"/></svg></a></p>
