{"id":2,"date":"2020-09-07T12:58:26","date_gmt":"2020-09-07T10:58:26","guid":{"rendered":"http:\/\/10.45.2.55\/?page_id=2"},"modified":"2020-11-05T08:03:23","modified_gmt":"2020-11-05T07:03:23","slug":"beispiel-seite","status":"publish","type":"page","link":"https:\/\/denkmal2020.pax.de\/","title":{"rendered":"PaX Classic auf der denkmal"},"content":{"rendered":"\n<p class=\"has-medium-font-size\">Wie gerne h\u00e4tten wir Sie auf unserem Messestand begr\u00fc\u00dft, um Ihnen unsere denkmalgerechten Ideen rund um Fenster und T\u00fcren zu pr\u00e4sentieren. Corona hat uns und Ihnen einen Strich durch die Rechnung gemacht. Aber wir haben eine Alternative f\u00fcr Sie: Klicken Sie sich einfach durch unsere Themen und Exponate. Wir haben Ihnen unsere Ideen in digitaler Form zusammengestellt. Und wenn Sie wieder zur\u00fcck zur Auswahl wollen, klicken Sie einfach auf das PaX Classic-Logo. Denn PaX Classic ist immer ganz vorne.<\/p>\n\n\n\n<div class=\"wp-block-image\"><figure class=\"alignleft size-full is-resized\"><a href=\"\/index.php\/grassimuseum\/\"><img loading=\"lazy\" src=\"\/wp-content\/uploads\/2020\/09\/Leipzig.Grassimusuem.Albers.Fenster.Bleiverglasung.13.2011_80.jpg\" alt=\"\" class=\"wp-image-637\" width=\"475\" height=\"300\" srcset=\"https:\/\/denkmal2020.pax.de\/wp-content\/uploads\/2020\/09\/Leipzig.Grassimusuem.Albers.Fenster.Bleiverglasung.13.2011_80.jpg 1900w, https:\/\/denkmal2020.pax.de\/wp-content\/uploads\/2020\/09\/Leipzig.Grassimusuem.Albers.Fenster.Bleiverglasung.13.2011_80-1024x647.jpg 1024w, https:\/\/denkmal2020.pax.de\/wp-content\/uploads\/2020\/09\/Leipzig.Grassimusuem.Albers.Fenster.Bleiverglasung.13.2011_80-768x485.jpg 768w, https:\/\/denkmal2020.pax.de\/wp-content\/uploads\/2020\/09\/Leipzig.Grassimusuem.Albers.Fenster.Bleiverglasung.13.2011_80-1536x970.jpg 1536w, https:\/\/denkmal2020.pax.de\/wp-content\/uploads\/2020\/09\/Leipzig.Grassimusuem.Albers.Fenster.Bleiverglasung.13.2011_80-602x380.jpg 602w, https:\/\/denkmal2020.pax.de\/wp-content\/uploads\/2020\/09\/Leipzig.Grassimusuem.Albers.Fenster.Bleiverglasung.13.2011_80-800x505.jpg 800w, https:\/\/denkmal2020.pax.de\/wp-content\/uploads\/2020\/09\/Leipzig.Grassimusuem.Albers.Fenster.Bleiverglasung.13.2011_80-285x180.jpg 285w\" sizes=\"(max-width: 475px) 100vw, 475px\" \/><\/a><\/figure><\/div>\n\n\n\n<p>Albers Fenster im Grassimuseum<\/p>\n\n\n\n<div style=\"height:20px\" aria-hidden=\"true\" class=\"wp-block-spacer\"><\/div>\n\n\n\n<div class=\"wp-block-image\"><figure class=\"alignleft size-full is-resized\"><a href=\"\/index.php\/uv-ir-bilderkarrussel\/\"><img loading=\"lazy\" src=\"\/wp-content\/uploads\/2020\/09\/augustusburg_01_333_1900x1200_80.jpg\" alt=\"\" class=\"wp-image-671\" width=\"475\" height=\"300\" srcset=\"https:\/\/denkmal2020.pax.de\/wp-content\/uploads\/2020\/09\/augustusburg_01_333_1900x1200_80.jpg 1900w, https:\/\/denkmal2020.pax.de\/wp-content\/uploads\/2020\/09\/augustusburg_01_333_1900x1200_80-1024x647.jpg 1024w, https:\/\/denkmal2020.pax.de\/wp-content\/uploads\/2020\/09\/augustusburg_01_333_1900x1200_80-768x485.jpg 768w, https:\/\/denkmal2020.pax.de\/wp-content\/uploads\/2020\/09\/augustusburg_01_333_1900x1200_80-1536x970.jpg 1536w, https:\/\/denkmal2020.pax.de\/wp-content\/uploads\/2020\/09\/augustusburg_01_333_1900x1200_80-602x380.jpg 602w, https:\/\/denkmal2020.pax.de\/wp-content\/uploads\/2020\/09\/augustusburg_01_333_1900x1200_80-800x505.jpg 800w, https:\/\/denkmal2020.pax.de\/wp-content\/uploads\/2020\/09\/augustusburg_01_333_1900x1200_80-285x180.jpg 285w\" sizes=\"(max-width: 475px) 100vw, 475px\" \/><\/a><\/figure><\/div>\n\n\n\n<p>UV\/IR-Fenster f\u00fcr authentischen Denkmalschutz<\/p>\n\n\n\n<div style=\"height:20px\" aria-hidden=\"true\" class=\"wp-block-spacer\"><\/div>\n\n\n\n<div class=\"wp-block-image\"><figure class=\"alignleft size-large is-resized\"><a href=\"\/index.php\/beispiel-seite\/exponat-3\/\"><img loading=\"lazy\" src=\"\/wp-content\/uploads\/2020\/09\/MG_0071_1900x1200_80-1024x647.jpg\" alt=\"\" class=\"wp-image-875\" width=\"475\" height=\"300\" srcset=\"https:\/\/denkmal2020.pax.de\/wp-content\/uploads\/2020\/09\/MG_0071_1900x1200_80-1024x647.jpg 1024w, https:\/\/denkmal2020.pax.de\/wp-content\/uploads\/2020\/09\/MG_0071_1900x1200_80-768x485.jpg 768w, https:\/\/denkmal2020.pax.de\/wp-content\/uploads\/2020\/09\/MG_0071_1900x1200_80-1536x970.jpg 1536w, https:\/\/denkmal2020.pax.de\/wp-content\/uploads\/2020\/09\/MG_0071_1900x1200_80-602x380.jpg 602w, https:\/\/denkmal2020.pax.de\/wp-content\/uploads\/2020\/09\/MG_0071_1900x1200_80-800x505.jpg 800w, https:\/\/denkmal2020.pax.de\/wp-content\/uploads\/2020\/09\/MG_0071_1900x1200_80-285x180.jpg 285w, https:\/\/denkmal2020.pax.de\/wp-content\/uploads\/2020\/09\/MG_0071_1900x1200_80.jpg 1900w\" sizes=\"(max-width: 475px) 100vw, 475px\" \/><\/a><\/figure><\/div>\n\n\n\n<p>Die Auferstehung eines Weinguts<\/p>\n\n\n\n<div style=\"height:20px\" aria-hidden=\"true\" class=\"wp-block-spacer\"><\/div>\n\n\n\n<div class=\"wp-block-image\"><figure class=\"alignleft size-large\"><a href=\"\/index.php\/stele-4\/\"><img loading=\"lazy\" width=\"475\" height=\"636\" src=\"https:\/\/denkmal2020.pax.de\/wp-content\/uploads\/2020\/11\/291020PAX-BadLausick017_gerade_475.png\" alt=\"\" class=\"wp-image-1095\" srcset=\"https:\/\/denkmal2020.pax.de\/wp-content\/uploads\/2020\/11\/291020PAX-BadLausick017_gerade_475.png 475w, https:\/\/denkmal2020.pax.de\/wp-content\/uploads\/2020\/11\/291020PAX-BadLausick017_gerade_475-284x380.png 284w, https:\/\/denkmal2020.pax.de\/wp-content\/uploads\/2020\/11\/291020PAX-BadLausick017_gerade_475-134x180.png 134w\" sizes=\"(max-width: 475px) 100vw, 475px\" \/><\/a><\/figure><\/div>\n\n\n\n<p>Haust\u00fcren von PaX Classic sind mehr als ein Eingang<\/p>\n\n\n\n<div style=\"height:20px\" aria-hidden=\"true\" class=\"wp-block-spacer\"><\/div>\n\n\n\n<div class=\"wp-block-image\"><figure class=\"alignleft size-large\"><a href=\"\/index.php\/bilderkarussell\/\"><img loading=\"lazy\" width=\"475\" height=\"300\" src=\"\/wp-content\/uploads\/2020\/10\/Album.jpg\" alt=\"Album\" class=\"wp-image-936\" srcset=\"https:\/\/denkmal2020.pax.de\/wp-content\/uploads\/2020\/10\/Album.jpg 475w, https:\/\/denkmal2020.pax.de\/wp-content\/uploads\/2020\/10\/Album-285x180.jpg 285w\" sizes=\"(max-width: 475px) 100vw, 475px\" \/><\/a><\/figure><\/div>\n\n\n\n<p>Ihre Projekte, unser Herzensanliegen<\/p>\n\n\n\n<div style=\"height:100px\" aria-hidden=\"true\" class=\"wp-block-spacer\"><\/div>\n\n\n\n<hr class=\"wp-block-separator\"\/>\n\n\n\n<p><strong>Sie wollen mehr erfahren zu den Leistungen und Produkten von PaX Classic? Besuchen Sie unsere Unternehmensseite unter <a href=\"https:\/\/www.pax.de\/historisierende-fenster\">pax.<\/a><a href=\"https:\/\/www.pax.de\/historisierende-fenster\" target=\"_blank\" rel=\"noreferrer noopener\">de<\/a>.<\/strong><\/p>\n\n\n\n<hr class=\"wp-block-separator\"\/>\n\n\n\n<div class=\"wp-block-image\"><figure class=\"alignleft size-large\"><a href=\"https:\/\/www.fenster-im-baudenkmal.de\"><img src=\"https:\/\/www.fenster-im-baudenkmal.de\/sites\/default\/files\/fenster-im-baudenkmal_0.png\" alt=\"\"\/><\/a><\/figure><\/div>\n\n\n\n<p>Noch mehr Informationen zum Thema Denkmalschutz mit vielen Tipps, wichtigen Adressen und einer detaillierten Beratung finden Sie auf dem Service-Portal <a href=\"https:\/\/www.Fenster-im-Baudenkmal.de\" target=\"_blank\" rel=\"noreferrer noopener\">Fenster-im-Baudenkmal.de<\/a>.<\/p>\n","protected":false},"excerpt":{"rendered":"<p>Wie gerne h\u00e4tten wir Sie auf unserem Messestand begr\u00fc\u00dft, um Ihnen unsere denkmalgerechten Ideen rund um Fenster und T\u00fcren zu pr\u00e4sentieren. Corona hat uns und Ihnen einen Strich durch die Rechnung gemacht. Aber wir haben eine Alternative f\u00fcr Sie: Klicken Sie sich einfach durch unsere Themen und Exponate. Wir haben Ihnen unsere Ideen in digitaler\u2026 <a class=\"excerpt-dot\" href=\"https:\/\/denkmal2020.pax.de\/\" title=\"PaX Classic auf der denkmal\"><svg xmlns=\"http:\/\/www.w3.org\/2000\/svg\" version=\"1.1\" x=\"0\" y=\"0\" width=\"30.2\" height=\"14.2\" viewBox=\"0 0 30.2 14.2\" enable-background=\"new 0 0 30.167 14.168\" xml:space=\"preserve\"><path d=\"M0.1 7.1c0-0.4 0.4-0.8 0.8-0.8h26.5l-5-4.9c-0.3-0.3-0.3-0.8 0-1.1 0.3-0.3 0.8-0.3 1.1 0l6.3 6.2c0.3 0.3 0.3 0.8 0 1.1l-6.3 6.2c-0.2 0.2-0.4 0.2-0.6 0.2 -0.2 0-0.4-0.1-0.6-0.2 -0.3-0.3-0.3-0.8 0-1.1l4.9-4.8H0.9C0.5 7.9 0.1 7.6 0.1 7.1z\"\/><\/svg><\/a><\/p>\n","protected":false},"author":1,"featured_media":0,"parent":0,"menu_order":0,"comment_status":"closed","ping_status":"open","template":"","meta":[],"_links":{"self":[{"href":"https:\/\/denkmal2020.pax.de\/index.php\/wp-json\/wp\/v2\/pages\/2"}],"collection":[{"href":"https:\/\/denkmal2020.pax.de\/index.php\/wp-json\/wp\/v2\/pages"}],"about":[{"href":"https:\/\/denkmal2020.pax.de\/index.php\/wp-json\/wp\/v2\/types\/page"}],"author":[{"embeddable":true,"href":"https:\/\/denkmal2020.pax.de\/index.php\/wp-json\/wp\/v2\/users\/1"}],"replies":[{"embeddable":true,"href":"https:\/\/denkmal2020.pax.de\/index.php\/wp-json\/wp\/v2\/comments?post=2"}],"version-history":[{"count":32,"href":"https:\/\/denkmal2020.pax.de\/index.php\/wp-json\/wp\/v2\/pages\/2\/revisions"}],"predecessor-version":[{"id":1133,"href":"https:\/\/denkmal2020.pax.de\/index.php\/wp-json\/wp\/v2\/pages\/2\/revisions\/1133"}],"wp:attachment":[{"href":"https:\/\/denkmal2020.pax.de\/index.php\/wp-json\/wp\/v2\/media?parent=2"}],"curies":[{"name":"wp","href":"https:\/\/api.w.org\/{rel}","templated":true}]}}

<p class="has-medium-font-size">Wie gerne hätten wir Sie auf unserem Messestand begrüßt, um Ihnen unsere denkmalgerechten Ideen rund um Fenster und Türen zu präsentieren. Corona hat uns und Ihnen einen Strich durch die Rechnung gemacht. Aber wir haben eine Alternative für Sie: Klicken Sie sich einfach durch unsere Themen und Exponate. Wir haben Ihnen unsere Ideen in digitaler Form zusammengestellt. Und wenn Sie wieder zurück zur Auswahl wollen, klicken Sie einfach auf das PaX Classic-Logo. Denn PaX Classic ist immer ganz vorne.</p>



<div class="wp-block-image"><figure class="alignleft size-full is-resized"><a href="/index.php/grassimuseum/"><img loading="lazy" src="/wp-content/uploads/2020/09/Leipzig.Grassimusuem.Albers.Fenster.Bleiverglasung.13.2011_80.jpg" alt="" class="wp-image-637" width="475" height="300" srcset="https://denkmal2020.pax.de/wp-content/uploads/2020/09/Leipzig.Grassimusuem.Albers.Fenster.Bleiverglasung.13.2011_80.jpg 1900w, https://denkmal2020.pax.de/wp-content/uploads/2020/09/Leipzig.Grassimusuem.Albers.Fenster.Bleiverglasung.13.2011_80-1024x647.jpg 1024w, https://denkmal2020.pax.de/wp-content/uploads/2020/09/Leipzig.Grassimusuem.Albers.Fenster.Bleiverglasung.13.2011_80-768x485.jpg 768w, https://denkmal2020.pax.de/wp-content/uploads/2020/09/Leipzig.Grassimusuem.Albers.Fenster.Bleiverglasung.13.2011_80-1536x970.jpg 1536w, https://denkmal2020.pax.de/wp-content/uploads/2020/09/Leipzig.Grassimusuem.Albers.Fenster.Bleiverglasung.13.2011_80-602x380.jpg 602w, https://denkmal2020.pax.de/wp-content/uploads/2020/09/Leipzig.Grassimusuem.Albers.Fenster.Bleiverglasung.13.2011_80-800x505.jpg 800w, https://denkmal2020.pax.de/wp-content/uploads/2020/09/Leipzig.Grassimusuem.Albers.Fenster.Bleiverglasung.13.2011_80-285x180.jpg 285w" sizes="(max-width: 475px) 100vw, 475px" /></a></figure></div>



<p>Albers Fenster im Grassimuseum</p>



<div style="height:20px" aria-hidden="true" class="wp-block-spacer"></div>



<div class="wp-block-image"><figure class="alignleft size-full is-resized"><a href="/index.php/uv-ir-bilderkarrussel/"><img loading="lazy" src="/wp-content/uploads/2020/09/augustusburg_01_333_1900x1200_80.jpg" alt="" class="wp-image-671" width="475" height="300" srcset="https://denkmal2020.pax.de/wp-content/uploads/2020/09/augustusburg_01_333_1900x1200_80.jpg 1900w, https://denkmal2020.pax.de/wp-content/uploads/2020/09/augustusburg_01_333_1900x1200_80-1024x647.jpg 1024w, https://denkmal2020.pax.de/wp-content/uploads/2020/09/augustusburg_01_333_1900x1200_80-768x485.jpg 768w, https://denkmal2020.pax.de/wp-content/uploads/2020/09/augustusburg_01_333_1900x1200_80-1536x970.jpg 1536w, https://denkmal2020.pax.de/wp-content/uploads/2020/09/augustusburg_01_333_1900x1200_80-602x380.jpg 602w, https://denkmal2020.pax.de/wp-content/uploads/2020/09/augustusburg_01_333_1900x1200_80-800x505.jpg 800w, https://denkmal2020.pax.de/wp-content/uploads/2020/09/augustusburg_01_333_1900x1200_80-285x180.jpg 285w" sizes="(max-width: 475px) 100vw, 475px" /></a></figure></div>



<p>UV/IR-Fenster für authentischen Denkmalschutz</p>



<div style="height:20px" aria-hidden="true" class="wp-block-spacer"></div>



<div class="wp-block-image"><figure class="alignleft size-large is-resized"><a href="/index.php/beispiel-seite/exponat-3/"><img loading="lazy" src="/wp-content/uploads/2020/09/MG_0071_1900x1200_80-1024x647.jpg" alt="" class="wp-image-875" width="475" height="300" srcset="https://denkmal2020.pax.de/wp-content/uploads/2020/09/MG_0071_1900x1200_80-1024x647.jpg 1024w, https://denkmal2020.pax.de/wp-content/uploads/2020/09/MG_0071_1900x1200_80-768x485.jpg 768w, https://denkmal2020.pax.de/wp-content/uploads/2020/09/MG_0071_1900x1200_80-1536x970.jpg 1536w, https://denkmal2020.pax.de/wp-content/uploads/2020/09/MG_0071_1900x1200_80-602x380.jpg 602w, https://denkmal2020.pax.de/wp-content/uploads/2020/09/MG_0071_1900x1200_80-800x505.jpg 800w, https://denkmal2020.pax.de/wp-content/uploads/2020/09/MG_0071_1900x1200_80-285x180.jpg 285w, https://denkmal2020.pax.de/wp-content/uploads/2020/09/MG_0071_1900x1200_80.jpg 1900w" sizes="(max-width: 475px) 100vw, 475px" /></a></figure></div>



<p>Die Auferstehung eines Weinguts</p>



<div style="height:20px" aria-hidden="true" class="wp-block-spacer"></div>



<div class="wp-block-image"><figure class="alignleft size-large"><a href="/index.php/stele-4/"><img loading="lazy" width="475" height="636" src="https://denkmal2020.pax.de/wp-content/uploads/2020/11/291020PAX-BadLausick017_gerade_475.png" alt="" class="wp-image-1095" srcset="https://denkmal2020.pax.de/wp-content/uploads/2020/11/291020PAX-BadLausick017_gerade_475.png 475w, https://denkmal2020.pax.de/wp-content/uploads/2020/11/291020PAX-BadLausick017_gerade_475-284x380.png 284w, https://denkmal2020.pax.de/wp-content/uploads/2020/11/291020PAX-BadLausick017_gerade_475-134x180.png 134w" sizes="(max-width: 475px) 100vw, 475px" /></a></figure></div>



<p>Haustüren von PaX Classic sind mehr als ein Eingang</p>



<div style="height:20px" aria-hidden="true" class="wp-block-spacer"></div>



<div class="wp-block-image"><figure class="alignleft size-large"><a href="/index.php/bilderkarussell/"><img loading="lazy" width="475" height="300" src="/wp-content/uploads/2020/10/Album.jpg" alt="Album" class="wp-image-936" srcset="https://denkmal2020.pax.de/wp-content/uploads/2020/10/Album.jpg 475w, https://denkmal2020.pax.de/wp-content/uploads/2020/10/Album-285x180.jpg 285w" sizes="(max-width: 475px) 100vw, 475px" /></a></figure></div>



<p>Ihre Projekte, unser Herzensanliegen</p>



<div style="height:100px" aria-hidden="true" class="wp-block-spacer"></div>



<hr class="wp-block-separator"/>



<p><strong>Sie wollen mehr erfahren zu den Leistungen und Produkten von PaX Classic? Besuchen Sie unsere Unternehmensseite unter <a href="https://www.pax.de/historisierende-fenster">pax.</a><a href="https://www.pax.de/historisierende-fenster" target="_blank" rel="noreferrer noopener">de</a>.</strong></p>



<hr class="wp-block-separator"/>



<div class="wp-block-image"><figure class="alignleft size-large"><a href="https://www.fenster-im-baudenkmal.de"><img src="https://www.fenster-im-baudenkmal.de/sites/default/files/fenster-im-baudenkmal_0.png" alt=""/></a></figure></div>



<p>Noch mehr Informationen zum Thema Denkmalschutz mit vielen Tipps, wichtigen Adressen und einer detaillierten Beratung finden Sie auf dem Service-Portal <a href="https://www.Fenster-im-Baudenkmal.de" target="_blank" rel="noreferrer noopener">Fenster-im-Baudenkmal.de</a>.</p>

<p>Wie gerne hätten wir Sie auf unserem Messestand begrüßt, um Ihnen unsere denkmalgerechten Ideen rund um Fenster und Türen zu präsentieren. Corona hat uns und Ihnen einen Strich durch die Rechnung gemacht. Aber wir haben eine Alternative für Sie: Klicken Sie sich einfach durch unsere Themen und Exponate. Wir haben Ihnen unsere Ideen in digitaler… <a class="excerpt-dot" href="https://denkmal2020.pax.de/" title="PaX Classic auf der denkmal"><svg xmlns="http://www.w3.org/2000/svg" version="1.1" x="0" y="0" width="30.2" height="14.2" viewBox="0 0 30.2 14.2" enable-background="new 0 0 30.167 14.168" xml:space="preserve"><path d="M0.1 7.1c0-0.4 0.4-0.8 0.8-0.8h26.5l-5-4.9c-0.3-0.3-0.3-0.8 0-1.1 0.3-0.3 0.8-0.3 1.1 0l6.3 6.2c0.3 0.3 0.3 0.8 0 1.1l-6.3 6.2c-0.2 0.2-0.4 0.2-0.6 0.2 -0.2 0-0.4-0.1-0.6-0.2 -0.3-0.3-0.3-0.8 0-1.1l4.9-4.8H0.9C0.5 7.9 0.1 7.6 0.1 7.1z"/></svg></a></p>
