{"id":642,"date":"2020-09-08T14:08:27","date_gmt":"2020-09-08T12:08:27","guid":{"rendered":"http:\/\/10.45.2.55\/?page_id=642"},"modified":"2020-10-26T16:36:30","modified_gmt":"2020-10-26T15:36:30","slug":"das-grassimuseum-leipzig","status":"publish","type":"page","link":"https:\/\/denkmal2020.pax.de\/index.php\/grassimuseum\/das-grassimuseum-leipzig\/","title":{"rendered":"Das Grassimuseum Leipzig"},"content":{"rendered":"\n<figure class=\"wp-block-image size-full\"><a href=\"\/index.php\/grassimuseum\/\"><img loading=\"lazy\" width=\"1900\" height=\"1200\" src=\"http:\/\/10.45.2.55\/wp-content\/uploads\/2020\/09\/Leipzig.Grassimusuem.Albers.Fenster.Bleiverglasung.13.2011_80.jpg\" alt=\"\" class=\"wp-image-637\" srcset=\"https:\/\/denkmal2020.pax.de\/wp-content\/uploads\/2020\/09\/Leipzig.Grassimusuem.Albers.Fenster.Bleiverglasung.13.2011_80.jpg 1900w, https:\/\/denkmal2020.pax.de\/wp-content\/uploads\/2020\/09\/Leipzig.Grassimusuem.Albers.Fenster.Bleiverglasung.13.2011_80-1024x647.jpg 1024w, https:\/\/denkmal2020.pax.de\/wp-content\/uploads\/2020\/09\/Leipzig.Grassimusuem.Albers.Fenster.Bleiverglasung.13.2011_80-768x485.jpg 768w, https:\/\/denkmal2020.pax.de\/wp-content\/uploads\/2020\/09\/Leipzig.Grassimusuem.Albers.Fenster.Bleiverglasung.13.2011_80-1536x970.jpg 1536w, https:\/\/denkmal2020.pax.de\/wp-content\/uploads\/2020\/09\/Leipzig.Grassimusuem.Albers.Fenster.Bleiverglasung.13.2011_80-602x380.jpg 602w, https:\/\/denkmal2020.pax.de\/wp-content\/uploads\/2020\/09\/Leipzig.Grassimusuem.Albers.Fenster.Bleiverglasung.13.2011_80-800x505.jpg 800w, https:\/\/denkmal2020.pax.de\/wp-content\/uploads\/2020\/09\/Leipzig.Grassimusuem.Albers.Fenster.Bleiverglasung.13.2011_80-285x180.jpg 285w\" sizes=\"(max-width: 1900px) 100vw, 1900px\" \/><\/a><\/figure>\n\n\n\n<p>Der Geb\u00e4udekomplex des Grassimuseums am Johannisplatz in Leipzig beheimatet gleich drei Museen:<\/p>\n\n\n\n<ul><li>Museum f\u00fcr V\u00f6lkerkunde zu Leipzig<\/li><li>Museum f\u00fcr Angewandte Kunst<\/li><li>Museum f\u00fcr Musikinstrumente der Universit\u00e4t Leipzig<\/li><\/ul>\n\n\n\n<p>Als der Leipziger Kaufmann Franz Dominic Grassi 1880 starb, vererbte er der Stadt ein Verm\u00f6gen von mehr als zwei Millionen Mark, aus dem zahlreiche Bauvorhaben finanziert und unterst\u00fctzt wurden. Darunter auch das weltber\u00fchmte Gewandhaus und der Mendebrunnen.<\/p>\n\n\n\n<div class=\"wp-block-group\"><div class=\"wp-block-group__inner-container\">\n<div class=\"wp-block-image\"><a href=\"\/index.php\/grassimuseum\/\"><img src=\"\/wp-content\/uploads\/2020\/09\/zurueck-1.svg\" alt=\"\" class=\"wp-image-662\" width=\"15%\"><\/a><\/div>\n<\/div><\/div>\n","protected":false},"excerpt":{"rendered":"<p>Der Geb\u00e4udekomplex des Grassimuseums am Johannisplatz in Leipzig beheimatet gleich drei Museen: Museum f\u00fcr V\u00f6lkerkunde zu Leipzig Museum f\u00fcr Angewandte Kunst Museum f\u00fcr Musikinstrumente der Universit\u00e4t Leipzig Als der Leipziger Kaufmann Franz Dominic Grassi 1880 starb, vererbte er der Stadt ein Verm\u00f6gen von mehr als zwei Millionen Mark, aus dem zahlreiche Bauvorhaben finanziert und unterst\u00fctzt\u2026 <a class=\"excerpt-dot\" href=\"https:\/\/denkmal2020.pax.de\/index.php\/grassimuseum\/das-grassimuseum-leipzig\/\" title=\"Das Grassimuseum Leipzig\"><svg xmlns=\"http:\/\/www.w3.org\/2000\/svg\" version=\"1.1\" x=\"0\" y=\"0\" width=\"30.2\" height=\"14.2\" viewBox=\"0 0 30.2 14.2\" enable-background=\"new 0 0 30.167 14.168\" xml:space=\"preserve\"><path d=\"M0.1 7.1c0-0.4 0.4-0.8 0.8-0.8h26.5l-5-4.9c-0.3-0.3-0.3-0.8 0-1.1 0.3-0.3 0.8-0.3 1.1 0l6.3 6.2c0.3 0.3 0.3 0.8 0 1.1l-6.3 6.2c-0.2 0.2-0.4 0.2-0.6 0.2 -0.2 0-0.4-0.1-0.6-0.2 -0.3-0.3-0.3-0.8 0-1.1l4.9-4.8H0.9C0.5 7.9 0.1 7.6 0.1 7.1z\"\/><\/svg><\/a><\/p>\n","protected":false},"author":1,"featured_media":0,"parent":596,"menu_order":0,"comment_status":"closed","ping_status":"closed","template":"","meta":[],"_links":{"self":[{"href":"https:\/\/denkmal2020.pax.de\/index.php\/wp-json\/wp\/v2\/pages\/642"}],"collection":[{"href":"https:\/\/denkmal2020.pax.de\/index.php\/wp-json\/wp\/v2\/pages"}],"about":[{"href":"https:\/\/denkmal2020.pax.de\/index.php\/wp-json\/wp\/v2\/types\/page"}],"author":[{"embeddable":true,"href":"https:\/\/denkmal2020.pax.de\/index.php\/wp-json\/wp\/v2\/users\/1"}],"replies":[{"embeddable":true,"href":"https:\/\/denkmal2020.pax.de\/index.php\/wp-json\/wp\/v2\/comments?post=642"}],"version-history":[{"count":25,"href":"https:\/\/denkmal2020.pax.de\/index.php\/wp-json\/wp\/v2\/pages\/642\/revisions"}],"predecessor-version":[{"id":1010,"href":"https:\/\/denkmal2020.pax.de\/index.php\/wp-json\/wp\/v2\/pages\/642\/revisions\/1010"}],"up":[{"embeddable":true,"href":"https:\/\/denkmal2020.pax.de\/index.php\/wp-json\/wp\/v2\/pages\/596"}],"wp:attachment":[{"href":"https:\/\/denkmal2020.pax.de\/index.php\/wp-json\/wp\/v2\/media?parent=642"}],"curies":[{"name":"wp","href":"https:\/\/api.w.org\/{rel}","templated":true}]}}

<figure class="wp-block-image size-full"><a href="/index.php/grassimuseum/"><img loading="lazy" width="1900" height="1200" src="http://10.45.2.55/wp-content/uploads/2020/09/Leipzig.Grassimusuem.Albers.Fenster.Bleiverglasung.13.2011_80.jpg" alt="" class="wp-image-637" srcset="https://denkmal2020.pax.de/wp-content/uploads/2020/09/Leipzig.Grassimusuem.Albers.Fenster.Bleiverglasung.13.2011_80.jpg 1900w, https://denkmal2020.pax.de/wp-content/uploads/2020/09/Leipzig.Grassimusuem.Albers.Fenster.Bleiverglasung.13.2011_80-1024x647.jpg 1024w, https://denkmal2020.pax.de/wp-content/uploads/2020/09/Leipzig.Grassimusuem.Albers.Fenster.Bleiverglasung.13.2011_80-768x485.jpg 768w, https://denkmal2020.pax.de/wp-content/uploads/2020/09/Leipzig.Grassimusuem.Albers.Fenster.Bleiverglasung.13.2011_80-1536x970.jpg 1536w, https://denkmal2020.pax.de/wp-content/uploads/2020/09/Leipzig.Grassimusuem.Albers.Fenster.Bleiverglasung.13.2011_80-602x380.jpg 602w, https://denkmal2020.pax.de/wp-content/uploads/2020/09/Leipzig.Grassimusuem.Albers.Fenster.Bleiverglasung.13.2011_80-800x505.jpg 800w, https://denkmal2020.pax.de/wp-content/uploads/2020/09/Leipzig.Grassimusuem.Albers.Fenster.Bleiverglasung.13.2011_80-285x180.jpg 285w" sizes="(max-width: 1900px) 100vw, 1900px" /></a></figure>



<p>Der Gebäudekomplex des Grassimuseums am Johannisplatz in Leipzig beheimatet gleich drei Museen:</p>



<ul><li>Museum für Völkerkunde zu Leipzig</li><li>Museum für Angewandte Kunst</li><li>Museum für Musikinstrumente der Universität Leipzig</li></ul>



<p>Als der Leipziger Kaufmann Franz Dominic Grassi 1880 starb, vererbte er der Stadt ein Vermögen von mehr als zwei Millionen Mark, aus dem zahlreiche Bauvorhaben finanziert und unterstützt wurden. Darunter auch das weltberühmte Gewandhaus und der Mendebrunnen.</p>



<div class="wp-block-group"><div class="wp-block-group__inner-container">
<div class="wp-block-image"><a href="/index.php/grassimuseum/"><img src="/wp-content/uploads/2020/09/zurueck-1.svg" alt="" class="wp-image-662" width="15%"></a></div>
</div></div>

<p>Der Gebäudekomplex des Grassimuseums am Johannisplatz in Leipzig beheimatet gleich drei Museen: Museum für Völkerkunde zu Leipzig Museum für Angewandte Kunst Museum für Musikinstrumente der Universität Leipzig Als der Leipziger Kaufmann Franz Dominic Grassi 1880 starb, vererbte er der Stadt ein Vermögen von mehr als zwei Millionen Mark, aus dem zahlreiche Bauvorhaben finanziert und unterstützt… <a class="excerpt-dot" href="https://denkmal2020.pax.de/index.php/grassimuseum/das-grassimuseum-leipzig/" title="Das Grassimuseum Leipzig"><svg xmlns="http://www.w3.org/2000/svg" version="1.1" x="0" y="0" width="30.2" height="14.2" viewBox="0 0 30.2 14.2" enable-background="new 0 0 30.167 14.168" xml:space="preserve"><path d="M0.1 7.1c0-0.4 0.4-0.8 0.8-0.8h26.5l-5-4.9c-0.3-0.3-0.3-0.8 0-1.1 0.3-0.3 0.8-0.3 1.1 0l6.3 6.2c0.3 0.3 0.3 0.8 0 1.1l-6.3 6.2c-0.2 0.2-0.4 0.2-0.6 0.2 -0.2 0-0.4-0.1-0.6-0.2 -0.3-0.3-0.3-0.8 0-1.1l4.9-4.8H0.9C0.5 7.9 0.1 7.6 0.1 7.1z"/></svg></a></p>
