{"id":678,"date":"2020-09-08T16:23:24","date_gmt":"2020-09-08T14:23:24","guid":{"rendered":"http:\/\/10.45.2.55\/?page_id=678"},"modified":"2020-09-15T09:40:40","modified_gmt":"2020-09-15T07:40:40","slug":"die-josef-albers-fenster","status":"publish","type":"page","link":"https:\/\/denkmal2020.pax.de\/index.php\/grassimuseum\/die-josef-albers-fenster\/","title":{"rendered":"Die Josef-Albers-Fenster"},"content":{"rendered":"\n<figure class=\"wp-block-image size-full\"><a href=\"\/index.php\/grassimuseum\/\"><img loading=\"lazy\" width=\"1900\" height=\"1200\" src=\"http:\/\/10.45.2.55\/wp-content\/uploads\/2020\/09\/Grassimuseum_scalone_02_80-1.jpg\" alt=\"\" class=\"wp-image-674\" srcset=\"https:\/\/denkmal2020.pax.de\/wp-content\/uploads\/2020\/09\/Grassimuseum_scalone_02_80-1.jpg 1900w, https:\/\/denkmal2020.pax.de\/wp-content\/uploads\/2020\/09\/Grassimuseum_scalone_02_80-1-1024x647.jpg 1024w, https:\/\/denkmal2020.pax.de\/wp-content\/uploads\/2020\/09\/Grassimuseum_scalone_02_80-1-768x485.jpg 768w, https:\/\/denkmal2020.pax.de\/wp-content\/uploads\/2020\/09\/Grassimuseum_scalone_02_80-1-1536x970.jpg 1536w, https:\/\/denkmal2020.pax.de\/wp-content\/uploads\/2020\/09\/Grassimuseum_scalone_02_80-1-602x380.jpg 602w, https:\/\/denkmal2020.pax.de\/wp-content\/uploads\/2020\/09\/Grassimuseum_scalone_02_80-1-800x505.jpg 800w, https:\/\/denkmal2020.pax.de\/wp-content\/uploads\/2020\/09\/Grassimuseum_scalone_02_80-1-285x180.jpg 285w\" sizes=\"(max-width: 1900px) 100vw, 1900px\" \/><\/a><\/figure>\n\n\n\n<p>Der Bauhaus-K\u00fcnstler Josef Albers schuf 1926\/27 f\u00fcr das Haupttreppenhaus des Leipziger Grassimuseums 18 Fenster aus Flachglas. Die rund 7 Meter hohen Fenster bestehen aus <strong>mundgeblasenem \u00dcberfangglas<\/strong>. Das klare Tr\u00e4gerglas ist mit einem opaken wei\u00dfen \u00dcberfang versehen sowie mit einem zweiten aus gr\u00fcnlichgelbem Material. Zus\u00e4tzlich Farb- und Lichteffekte entstehen durch fl\u00e4chig aufgetragenes Schwarzlot und Silbergelb sowie durch eingeschliffene Linien. Die Josef-Albers-Fenster gelten als fl\u00e4chengr\u00f6\u00dfte Glasgestaltung der Dessauer Bauhausperiode.<\/p>\n\n\n\n<p>Im <strong>Zweiten Weltkrieg<\/strong> wurde die Komposition zerst\u00f6rt, konnte aber anhand von Bildquellen digital aufbereitet und schlie\u00dflich rekonstruiert werden. PaX Classic hat sich die ikonischen Albers-Fenster zum Vorbild genommen und diese in einem denkmalgerechten Fenster nachempfunden.<\/p>\n\n\n\n<div class=\"wp-block-image\"><figure class=\"alignright size-large\"><a href=\"\/index.php\/grassimuseum\/\"><img src=\"\/wp-content\/uploads\/2020\/09\/zurueck-1.svg\" alt=\"\" class=\"wp-image-662\"\/><\/a><\/figure><\/div>\n\n\n\n<p><\/p>\n","protected":false},"excerpt":{"rendered":"<p>Der Bauhaus-K\u00fcnstler Josef Albers schuf 1926\/27 f\u00fcr das Haupttreppenhaus des Leipziger Grassimuseums 18 Fenster aus Flachglas. Die rund 7 Meter hohen Fenster bestehen aus mundgeblasenem \u00dcberfangglas. Das klare Tr\u00e4gerglas ist mit einem opaken wei\u00dfen \u00dcberfang versehen sowie mit einem zweiten aus gr\u00fcnlichgelbem Material. Zus\u00e4tzlich Farb- und Lichteffekte entstehen durch fl\u00e4chig aufgetragenes Schwarzlot und Silbergelb sowie\u2026 <a class=\"excerpt-dot\" href=\"https:\/\/denkmal2020.pax.de\/index.php\/grassimuseum\/die-josef-albers-fenster\/\" title=\"Die Josef-Albers-Fenster\"><svg xmlns=\"http:\/\/www.w3.org\/2000\/svg\" version=\"1.1\" x=\"0\" y=\"0\" width=\"30.2\" height=\"14.2\" viewBox=\"0 0 30.2 14.2\" enable-background=\"new 0 0 30.167 14.168\" xml:space=\"preserve\"><path d=\"M0.1 7.1c0-0.4 0.4-0.8 0.8-0.8h26.5l-5-4.9c-0.3-0.3-0.3-0.8 0-1.1 0.3-0.3 0.8-0.3 1.1 0l6.3 6.2c0.3 0.3 0.3 0.8 0 1.1l-6.3 6.2c-0.2 0.2-0.4 0.2-0.6 0.2 -0.2 0-0.4-0.1-0.6-0.2 -0.3-0.3-0.3-0.8 0-1.1l4.9-4.8H0.9C0.5 7.9 0.1 7.6 0.1 7.1z\"\/><\/svg><\/a><\/p>\n","protected":false},"author":1,"featured_media":0,"parent":596,"menu_order":0,"comment_status":"closed","ping_status":"closed","template":"","meta":[],"_links":{"self":[{"href":"https:\/\/denkmal2020.pax.de\/index.php\/wp-json\/wp\/v2\/pages\/678"}],"collection":[{"href":"https:\/\/denkmal2020.pax.de\/index.php\/wp-json\/wp\/v2\/pages"}],"about":[{"href":"https:\/\/denkmal2020.pax.de\/index.php\/wp-json\/wp\/v2\/types\/page"}],"author":[{"embeddable":true,"href":"https:\/\/denkmal2020.pax.de\/index.php\/wp-json\/wp\/v2\/users\/1"}],"replies":[{"embeddable":true,"href":"https:\/\/denkmal2020.pax.de\/index.php\/wp-json\/wp\/v2\/comments?post=678"}],"version-history":[{"count":6,"href":"https:\/\/denkmal2020.pax.de\/index.php\/wp-json\/wp\/v2\/pages\/678\/revisions"}],"predecessor-version":[{"id":872,"href":"https:\/\/denkmal2020.pax.de\/index.php\/wp-json\/wp\/v2\/pages\/678\/revisions\/872"}],"up":[{"embeddable":true,"href":"https:\/\/denkmal2020.pax.de\/index.php\/wp-json\/wp\/v2\/pages\/596"}],"wp:attachment":[{"href":"https:\/\/denkmal2020.pax.de\/index.php\/wp-json\/wp\/v2\/media?parent=678"}],"curies":[{"name":"wp","href":"https:\/\/api.w.org\/{rel}","templated":true}]}}

<figure class="wp-block-image size-full"><a href="/index.php/grassimuseum/"><img loading="lazy" width="1900" height="1200" src="http://10.45.2.55/wp-content/uploads/2020/09/Grassimuseum_scalone_02_80-1.jpg" alt="" class="wp-image-674" srcset="https://denkmal2020.pax.de/wp-content/uploads/2020/09/Grassimuseum_scalone_02_80-1.jpg 1900w, https://denkmal2020.pax.de/wp-content/uploads/2020/09/Grassimuseum_scalone_02_80-1-1024x647.jpg 1024w, https://denkmal2020.pax.de/wp-content/uploads/2020/09/Grassimuseum_scalone_02_80-1-768x485.jpg 768w, https://denkmal2020.pax.de/wp-content/uploads/2020/09/Grassimuseum_scalone_02_80-1-1536x970.jpg 1536w, https://denkmal2020.pax.de/wp-content/uploads/2020/09/Grassimuseum_scalone_02_80-1-602x380.jpg 602w, https://denkmal2020.pax.de/wp-content/uploads/2020/09/Grassimuseum_scalone_02_80-1-800x505.jpg 800w, https://denkmal2020.pax.de/wp-content/uploads/2020/09/Grassimuseum_scalone_02_80-1-285x180.jpg 285w" sizes="(max-width: 1900px) 100vw, 1900px" /></a></figure>



<p>Der Bauhaus-Künstler Josef Albers schuf 1926/27 für das Haupttreppenhaus des Leipziger Grassimuseums 18 Fenster aus Flachglas. Die rund 7 Meter hohen Fenster bestehen aus <strong>mundgeblasenem Überfangglas</strong>. Das klare Trägerglas ist mit einem opaken weißen Überfang versehen sowie mit einem zweiten aus grünlichgelbem Material. Zusätzlich Farb- und Lichteffekte entstehen durch flächig aufgetragenes Schwarzlot und Silbergelb sowie durch eingeschliffene Linien. Die Josef-Albers-Fenster gelten als flächengrößte Glasgestaltung der Dessauer Bauhausperiode.</p>



<p>Im <strong>Zweiten Weltkrieg</strong> wurde die Komposition zerstört, konnte aber anhand von Bildquellen digital aufbereitet und schließlich rekonstruiert werden. PaX Classic hat sich die ikonischen Albers-Fenster zum Vorbild genommen und diese in einem denkmalgerechten Fenster nachempfunden.</p>



<div class="wp-block-image"><figure class="alignright size-large"><a href="/index.php/grassimuseum/"><img src="/wp-content/uploads/2020/09/zurueck-1.svg" alt="" class="wp-image-662"/></a></figure></div>



<p></p>

<p>Der Bauhaus-Künstler Josef Albers schuf 1926/27 für das Haupttreppenhaus des Leipziger Grassimuseums 18 Fenster aus Flachglas. Die rund 7 Meter hohen Fenster bestehen aus mundgeblasenem Überfangglas. Das klare Trägerglas ist mit einem opaken weißen Überfang versehen sowie mit einem zweiten aus grünlichgelbem Material. Zusätzlich Farb- und Lichteffekte entstehen durch flächig aufgetragenes Schwarzlot und Silbergelb sowie… <a class="excerpt-dot" href="https://denkmal2020.pax.de/index.php/grassimuseum/die-josef-albers-fenster/" title="Die Josef-Albers-Fenster"><svg xmlns="http://www.w3.org/2000/svg" version="1.1" x="0" y="0" width="30.2" height="14.2" viewBox="0 0 30.2 14.2" enable-background="new 0 0 30.167 14.168" xml:space="preserve"><path d="M0.1 7.1c0-0.4 0.4-0.8 0.8-0.8h26.5l-5-4.9c-0.3-0.3-0.3-0.8 0-1.1 0.3-0.3 0.8-0.3 1.1 0l6.3 6.2c0.3 0.3 0.3 0.8 0 1.1l-6.3 6.2c-0.2 0.2-0.4 0.2-0.6 0.2 -0.2 0-0.4-0.1-0.6-0.2 -0.3-0.3-0.3-0.8 0-1.1l4.9-4.8H0.9C0.5 7.9 0.1 7.6 0.1 7.1z"/></svg></a></p>
