{"id":682,"date":"2020-09-08T16:37:05","date_gmt":"2020-09-08T14:37:05","guid":{"rendered":"http:\/\/10.45.2.55\/?page_id=682"},"modified":"2020-09-15T09:32:58","modified_gmt":"2020-09-15T07:32:58","slug":"das-treppenhaus","status":"publish","type":"page","link":"https:\/\/denkmal2020.pax.de\/index.php\/grassimuseum\/das-treppenhaus\/","title":{"rendered":"Das Treppenhaus"},"content":{"rendered":"\n<figure class=\"wp-block-image size-full\"><a href=\"\/index.php\/grassimuseum\/\"><img loading=\"lazy\" width=\"1900\" height=\"1200\" src=\"http:\/\/10.45.2.55\/wp-content\/uploads\/2020\/09\/Leipzig.Grassimusuem.Albers.Fenster.Bleiverglasung.1.2011_80.jpg\" alt=\"\" class=\"wp-image-636\" srcset=\"https:\/\/denkmal2020.pax.de\/wp-content\/uploads\/2020\/09\/Leipzig.Grassimusuem.Albers.Fenster.Bleiverglasung.1.2011_80.jpg 1900w, https:\/\/denkmal2020.pax.de\/wp-content\/uploads\/2020\/09\/Leipzig.Grassimusuem.Albers.Fenster.Bleiverglasung.1.2011_80-1024x647.jpg 1024w, https:\/\/denkmal2020.pax.de\/wp-content\/uploads\/2020\/09\/Leipzig.Grassimusuem.Albers.Fenster.Bleiverglasung.1.2011_80-768x485.jpg 768w, https:\/\/denkmal2020.pax.de\/wp-content\/uploads\/2020\/09\/Leipzig.Grassimusuem.Albers.Fenster.Bleiverglasung.1.2011_80-1536x970.jpg 1536w, https:\/\/denkmal2020.pax.de\/wp-content\/uploads\/2020\/09\/Leipzig.Grassimusuem.Albers.Fenster.Bleiverglasung.1.2011_80-602x380.jpg 602w, https:\/\/denkmal2020.pax.de\/wp-content\/uploads\/2020\/09\/Leipzig.Grassimusuem.Albers.Fenster.Bleiverglasung.1.2011_80-800x505.jpg 800w, https:\/\/denkmal2020.pax.de\/wp-content\/uploads\/2020\/09\/Leipzig.Grassimusuem.Albers.Fenster.Bleiverglasung.1.2011_80-285x180.jpg 285w\" sizes=\"(max-width: 1900px) 100vw, 1900px\" \/><\/a><\/figure>\n\n\n\n<p>Die Berliner Glasmalereiwerkstatt Puhl &amp; Wagner \u00fcbernahm 1927 Ausf\u00fchrung und Einbau der Albers-Fenster. Die Fenster verbinden die einzelnen Geschossebenen. Entstanden sind sie als Beitrag f\u00fcr die Ausstellung Europ\u00e4isches Kunstgewerbe 1927 im Leipziger Museum f\u00fcr Kunstgewerbe und waren zugleich aber als bleibender Bauschmuck vorgesehen.<\/p>\n\n\n\n<div class=\"wp-block-image\"><figure class=\"alignright size-large\"><a href=\"\/index.php\/grassimuseum\/\"><img src=\"\/wp-content\/uploads\/2020\/09\/zurueck-1.svg\" alt=\"\" class=\"wp-image-662\"\/><\/a><\/figure><\/div>\n\n\n\n<p><\/p>\n","protected":false},"excerpt":{"rendered":"<p>Die Berliner Glasmalereiwerkstatt Puhl &amp; Wagner \u00fcbernahm 1927 Ausf\u00fchrung und Einbau der Albers-Fenster. Die Fenster verbinden die einzelnen Geschossebenen. Entstanden sind sie als Beitrag f\u00fcr die Ausstellung Europ\u00e4isches Kunstgewerbe 1927 im Leipziger Museum f\u00fcr Kunstgewerbe und waren zugleich aber als bleibender Bauschmuck vorgesehen.<\/p>\n","protected":false},"author":1,"featured_media":0,"parent":596,"menu_order":0,"comment_status":"closed","ping_status":"closed","template":"","meta":[],"_links":{"self":[{"href":"https:\/\/denkmal2020.pax.de\/index.php\/wp-json\/wp\/v2\/pages\/682"}],"collection":[{"href":"https:\/\/denkmal2020.pax.de\/index.php\/wp-json\/wp\/v2\/pages"}],"about":[{"href":"https:\/\/denkmal2020.pax.de\/index.php\/wp-json\/wp\/v2\/types\/page"}],"author":[{"embeddable":true,"href":"https:\/\/denkmal2020.pax.de\/index.php\/wp-json\/wp\/v2\/users\/1"}],"replies":[{"embeddable":true,"href":"https:\/\/denkmal2020.pax.de\/index.php\/wp-json\/wp\/v2\/comments?post=682"}],"version-history":[{"count":4,"href":"https:\/\/denkmal2020.pax.de\/index.php\/wp-json\/wp\/v2\/pages\/682\/revisions"}],"predecessor-version":[{"id":868,"href":"https:\/\/denkmal2020.pax.de\/index.php\/wp-json\/wp\/v2\/pages\/682\/revisions\/868"}],"up":[{"embeddable":true,"href":"https:\/\/denkmal2020.pax.de\/index.php\/wp-json\/wp\/v2\/pages\/596"}],"wp:attachment":[{"href":"https:\/\/denkmal2020.pax.de\/index.php\/wp-json\/wp\/v2\/media?parent=682"}],"curies":[{"name":"wp","href":"https:\/\/api.w.org\/{rel}","templated":true}]}}

<figure class="wp-block-image size-full"><a href="/index.php/grassimuseum/"><img loading="lazy" width="1900" height="1200" src="http://10.45.2.55/wp-content/uploads/2020/09/Leipzig.Grassimusuem.Albers.Fenster.Bleiverglasung.1.2011_80.jpg" alt="" class="wp-image-636" srcset="https://denkmal2020.pax.de/wp-content/uploads/2020/09/Leipzig.Grassimusuem.Albers.Fenster.Bleiverglasung.1.2011_80.jpg 1900w, https://denkmal2020.pax.de/wp-content/uploads/2020/09/Leipzig.Grassimusuem.Albers.Fenster.Bleiverglasung.1.2011_80-1024x647.jpg 1024w, https://denkmal2020.pax.de/wp-content/uploads/2020/09/Leipzig.Grassimusuem.Albers.Fenster.Bleiverglasung.1.2011_80-768x485.jpg 768w, https://denkmal2020.pax.de/wp-content/uploads/2020/09/Leipzig.Grassimusuem.Albers.Fenster.Bleiverglasung.1.2011_80-1536x970.jpg 1536w, https://denkmal2020.pax.de/wp-content/uploads/2020/09/Leipzig.Grassimusuem.Albers.Fenster.Bleiverglasung.1.2011_80-602x380.jpg 602w, https://denkmal2020.pax.de/wp-content/uploads/2020/09/Leipzig.Grassimusuem.Albers.Fenster.Bleiverglasung.1.2011_80-800x505.jpg 800w, https://denkmal2020.pax.de/wp-content/uploads/2020/09/Leipzig.Grassimusuem.Albers.Fenster.Bleiverglasung.1.2011_80-285x180.jpg 285w" sizes="(max-width: 1900px) 100vw, 1900px" /></a></figure>



<p>Die Berliner Glasmalereiwerkstatt Puhl &amp; Wagner übernahm 1927 Ausführung und Einbau der Albers-Fenster. Die Fenster verbinden die einzelnen Geschossebenen. Entstanden sind sie als Beitrag für die Ausstellung Europäisches Kunstgewerbe 1927 im Leipziger Museum für Kunstgewerbe und waren zugleich aber als bleibender Bauschmuck vorgesehen.</p>



<div class="wp-block-image"><figure class="alignright size-large"><a href="/index.php/grassimuseum/"><img src="/wp-content/uploads/2020/09/zurueck-1.svg" alt="" class="wp-image-662"/></a></figure></div>



<p></p>

<p>Die Berliner Glasmalereiwerkstatt Puhl &amp; Wagner übernahm 1927 Ausführung und Einbau der Albers-Fenster. Die Fenster verbinden die einzelnen Geschossebenen. Entstanden sind sie als Beitrag für die Ausstellung Europäisches Kunstgewerbe 1927 im Leipziger Museum für Kunstgewerbe und waren zugleich aber als bleibender Bauschmuck vorgesehen.</p>
