{"id":856,"date":"2020-09-14T11:47:10","date_gmt":"2020-09-14T09:47:10","guid":{"rendered":"http:\/\/odihmvmainz.dyn.ddnss.de\/?page_id=856"},"modified":"2020-09-15T09:38:07","modified_gmt":"2020-09-15T07:38:07","slug":"das-grassimuseum-2006","status":"publish","type":"page","link":"https:\/\/denkmal2020.pax.de\/index.php\/das-grassimuseum-2006\/","title":{"rendered":"Das Grassimuseum 2006"},"content":{"rendered":"\n<figure class=\"wp-block-image size-full\"><img loading=\"lazy\" width=\"1900\" height=\"1200\" src=\"http:\/\/odihmvmainz.dyn.ddnss.de\/wp-content\/uploads\/2020\/09\/Grassimuseum-zweiterInnenhof_2006_Wikimedia_Manducus_80-1.jpg\" alt=\"\" class=\"wp-image-857\" srcset=\"https:\/\/denkmal2020.pax.de\/wp-content\/uploads\/2020\/09\/Grassimuseum-zweiterInnenhof_2006_Wikimedia_Manducus_80-1.jpg 1900w, https:\/\/denkmal2020.pax.de\/wp-content\/uploads\/2020\/09\/Grassimuseum-zweiterInnenhof_2006_Wikimedia_Manducus_80-1-1024x647.jpg 1024w, https:\/\/denkmal2020.pax.de\/wp-content\/uploads\/2020\/09\/Grassimuseum-zweiterInnenhof_2006_Wikimedia_Manducus_80-1-768x485.jpg 768w, https:\/\/denkmal2020.pax.de\/wp-content\/uploads\/2020\/09\/Grassimuseum-zweiterInnenhof_2006_Wikimedia_Manducus_80-1-1536x970.jpg 1536w, https:\/\/denkmal2020.pax.de\/wp-content\/uploads\/2020\/09\/Grassimuseum-zweiterInnenhof_2006_Wikimedia_Manducus_80-1-602x380.jpg 602w, https:\/\/denkmal2020.pax.de\/wp-content\/uploads\/2020\/09\/Grassimuseum-zweiterInnenhof_2006_Wikimedia_Manducus_80-1-800x505.jpg 800w, https:\/\/denkmal2020.pax.de\/wp-content\/uploads\/2020\/09\/Grassimuseum-zweiterInnenhof_2006_Wikimedia_Manducus_80-1-285x180.jpg 285w\" sizes=\"(max-width: 1900px) 100vw, 1900px\" \/><\/figure>\n\n\n\n<p>Der Unterschied ist frappierend. Die Treppenhaus-Ansicht des Grassimuseums aus dem Jahre 2006. Das Geb\u00e4ude war auch damals schon ein Schmuckst\u00fcck im Herzen von Leipzig, aber die Fensterfront mit dem funktionalen Floatglas d\u00fcrfte bei jedem Liebhaber von Architektur ein Gef\u00fchl der Trauer ausl\u00f6sen.<\/p>\n\n\n\n<p>Die Fassade des Grassimuseums ist ein wunderbares Beispiel daf\u00fcr, wie wichtig es ist, bei einer Rekonstruktion das Original niemals aus den Augen zu verlieren. Bei <strong>PaX Classic<\/strong> leben wir genau diesen Geist.<\/p>\n\n\n\n<div class=\"wp-block-image\"><figure class=\"alignright size-large\"><a href=\"\/index.php\/grassimuseum\/\"><img src=\"\/wp-content\/uploads\/2020\/09\/zurueck.svg\" alt=\"\" class=\"wp-image-660\"\/><\/a><\/figure><\/div>\n","protected":false},"excerpt":{"rendered":"<p>Der Unterschied ist frappierend. Die Treppenhaus-Ansicht des Grassimuseums aus dem Jahre 2006. Das Geb\u00e4ude war auch damals schon ein Schmuckst\u00fcck im Herzen von Leipzig, aber die Fensterfront mit dem funktionalen Floatglas d\u00fcrfte bei jedem Liebhaber von Architektur ein Gef\u00fchl der Trauer ausl\u00f6sen. Die Fassade des Grassimuseums ist ein wunderbares Beispiel daf\u00fcr, wie wichtig es ist,\u2026 <a class=\"excerpt-dot\" href=\"https:\/\/denkmal2020.pax.de\/index.php\/das-grassimuseum-2006\/\" title=\"Das Grassimuseum 2006\"><svg xmlns=\"http:\/\/www.w3.org\/2000\/svg\" version=\"1.1\" x=\"0\" y=\"0\" width=\"30.2\" height=\"14.2\" viewBox=\"0 0 30.2 14.2\" enable-background=\"new 0 0 30.167 14.168\" xml:space=\"preserve\"><path d=\"M0.1 7.1c0-0.4 0.4-0.8 0.8-0.8h26.5l-5-4.9c-0.3-0.3-0.3-0.8 0-1.1 0.3-0.3 0.8-0.3 1.1 0l6.3 6.2c0.3 0.3 0.3 0.8 0 1.1l-6.3 6.2c-0.2 0.2-0.4 0.2-0.6 0.2 -0.2 0-0.4-0.1-0.6-0.2 -0.3-0.3-0.3-0.8 0-1.1l4.9-4.8H0.9C0.5 7.9 0.1 7.6 0.1 7.1z\"\/><\/svg><\/a><\/p>\n","protected":false},"author":1,"featured_media":0,"parent":0,"menu_order":0,"comment_status":"closed","ping_status":"closed","template":"","meta":[],"_links":{"self":[{"href":"https:\/\/denkmal2020.pax.de\/index.php\/wp-json\/wp\/v2\/pages\/856"}],"collection":[{"href":"https:\/\/denkmal2020.pax.de\/index.php\/wp-json\/wp\/v2\/pages"}],"about":[{"href":"https:\/\/denkmal2020.pax.de\/index.php\/wp-json\/wp\/v2\/types\/page"}],"author":[{"embeddable":true,"href":"https:\/\/denkmal2020.pax.de\/index.php\/wp-json\/wp\/v2\/users\/1"}],"replies":[{"embeddable":true,"href":"https:\/\/denkmal2020.pax.de\/index.php\/wp-json\/wp\/v2\/comments?post=856"}],"version-history":[{"count":4,"href":"https:\/\/denkmal2020.pax.de\/index.php\/wp-json\/wp\/v2\/pages\/856\/revisions"}],"predecessor-version":[{"id":871,"href":"https:\/\/denkmal2020.pax.de\/index.php\/wp-json\/wp\/v2\/pages\/856\/revisions\/871"}],"wp:attachment":[{"href":"https:\/\/denkmal2020.pax.de\/index.php\/wp-json\/wp\/v2\/media?parent=856"}],"curies":[{"name":"wp","href":"https:\/\/api.w.org\/{rel}","templated":true}]}}

<figure class="wp-block-image size-full"><img loading="lazy" width="1900" height="1200" src="http://odihmvmainz.dyn.ddnss.de/wp-content/uploads/2020/09/Grassimuseum-zweiterInnenhof_2006_Wikimedia_Manducus_80-1.jpg" alt="" class="wp-image-857" srcset="https://denkmal2020.pax.de/wp-content/uploads/2020/09/Grassimuseum-zweiterInnenhof_2006_Wikimedia_Manducus_80-1.jpg 1900w, https://denkmal2020.pax.de/wp-content/uploads/2020/09/Grassimuseum-zweiterInnenhof_2006_Wikimedia_Manducus_80-1-1024x647.jpg 1024w, https://denkmal2020.pax.de/wp-content/uploads/2020/09/Grassimuseum-zweiterInnenhof_2006_Wikimedia_Manducus_80-1-768x485.jpg 768w, https://denkmal2020.pax.de/wp-content/uploads/2020/09/Grassimuseum-zweiterInnenhof_2006_Wikimedia_Manducus_80-1-1536x970.jpg 1536w, https://denkmal2020.pax.de/wp-content/uploads/2020/09/Grassimuseum-zweiterInnenhof_2006_Wikimedia_Manducus_80-1-602x380.jpg 602w, https://denkmal2020.pax.de/wp-content/uploads/2020/09/Grassimuseum-zweiterInnenhof_2006_Wikimedia_Manducus_80-1-800x505.jpg 800w, https://denkmal2020.pax.de/wp-content/uploads/2020/09/Grassimuseum-zweiterInnenhof_2006_Wikimedia_Manducus_80-1-285x180.jpg 285w" sizes="(max-width: 1900px) 100vw, 1900px" /></figure>



<p>Der Unterschied ist frappierend. Die Treppenhaus-Ansicht des Grassimuseums aus dem Jahre 2006. Das Gebäude war auch damals schon ein Schmuckstück im Herzen von Leipzig, aber die Fensterfront mit dem funktionalen Floatglas dürfte bei jedem Liebhaber von Architektur ein Gefühl der Trauer auslösen.</p>



<p>Die Fassade des Grassimuseums ist ein wunderbares Beispiel dafür, wie wichtig es ist, bei einer Rekonstruktion das Original niemals aus den Augen zu verlieren. Bei <strong>PaX Classic</strong> leben wir genau diesen Geist.</p>



<div class="wp-block-image"><figure class="alignright size-large"><a href="/index.php/grassimuseum/"><img src="/wp-content/uploads/2020/09/zurueck.svg" alt="" class="wp-image-660"/></a></figure></div>

<p>Der Unterschied ist frappierend. Die Treppenhaus-Ansicht des Grassimuseums aus dem Jahre 2006. Das Gebäude war auch damals schon ein Schmuckstück im Herzen von Leipzig, aber die Fensterfront mit dem funktionalen Floatglas dürfte bei jedem Liebhaber von Architektur ein Gefühl der Trauer auslösen. Die Fassade des Grassimuseums ist ein wunderbares Beispiel dafür, wie wichtig es ist,… <a class="excerpt-dot" href="https://denkmal2020.pax.de/index.php/das-grassimuseum-2006/" title="Das Grassimuseum 2006"><svg xmlns="http://www.w3.org/2000/svg" version="1.1" x="0" y="0" width="30.2" height="14.2" viewBox="0 0 30.2 14.2" enable-background="new 0 0 30.167 14.168" xml:space="preserve"><path d="M0.1 7.1c0-0.4 0.4-0.8 0.8-0.8h26.5l-5-4.9c-0.3-0.3-0.3-0.8 0-1.1 0.3-0.3 0.8-0.3 1.1 0l6.3 6.2c0.3 0.3 0.3 0.8 0 1.1l-6.3 6.2c-0.2 0.2-0.4 0.2-0.6 0.2 -0.2 0-0.4-0.1-0.6-0.2 -0.3-0.3-0.3-0.8 0-1.1l4.9-4.8H0.9C0.5 7.9 0.1 7.6 0.1 7.1z"/></svg></a></p>
