{"id":960,"date":"2020-10-05T15:29:41","date_gmt":"2020-10-05T13:29:41","guid":{"rendered":"http:\/\/odihmvmainz.dyn.ddnss.de\/?page_id=960"},"modified":"2020-11-05T08:24:59","modified_gmt":"2020-11-05T07:24:59","slug":"romantik-ca-1000-bis-1250","status":"publish","type":"page","link":"https:\/\/denkmal2020.pax.de\/index.php\/stele-4\/romantik-ca-1000-bis-1250\/","title":{"rendered":"Romanik ca. 1000 bis 1250"},"content":{"rendered":"\n<h3>Gotik ca. 1250 bis 1550<\/h3>\n\n\n\n<figure class=\"wp-block-image size-full\"><a href=\"\/index.php\/stele-4\/\"><img loading=\"lazy\" width=\"1900\" height=\"1200\" src=\"\/wp-content\/uploads\/2020\/10\/ht07.jpg\" alt=\"\" class=\"wp-image-961\" srcset=\"https:\/\/denkmal2020.pax.de\/wp-content\/uploads\/2020\/10\/ht07.jpg 1900w, https:\/\/denkmal2020.pax.de\/wp-content\/uploads\/2020\/10\/ht07-1024x647.jpg 1024w, https:\/\/denkmal2020.pax.de\/wp-content\/uploads\/2020\/10\/ht07-768x485.jpg 768w, https:\/\/denkmal2020.pax.de\/wp-content\/uploads\/2020\/10\/ht07-1536x970.jpg 1536w, https:\/\/denkmal2020.pax.de\/wp-content\/uploads\/2020\/10\/ht07-602x380.jpg 602w, https:\/\/denkmal2020.pax.de\/wp-content\/uploads\/2020\/10\/ht07-800x505.jpg 800w, https:\/\/denkmal2020.pax.de\/wp-content\/uploads\/2020\/10\/ht07-285x180.jpg 285w\" sizes=\"(max-width: 1900px) 100vw, 1900px\" \/><\/a><\/figure>\n\n\n\n<p>Diese Entwicklungsepochen mitteleurop\u00e4ischer Baukunst waren gepr\u00e4gt von Rundb\u00f6gen in der Romanik und spitz auslaufenden B\u00f6gen in der Gotik.<\/p>\n\n\n\n<p>Dies spiegelte sich auch in der Gestaltung von T\u00fcren wider. Sie waren in den unteren Bereichen gerade und folgten den entsprechenden B\u00f6gen oberhalb einer parallelen Linie. Aber auch gerade Abschl\u00fcsse mit einem waagerechten Sturz waren \u00fcblich. Zudem wurden die Geb\u00e4udezug\u00e4nge haupts\u00e4chlich durch die aufw\u00e4ndig gearbeiteten Steingew\u00e4nde gestaltet. Die T\u00fcr selbst besa\u00df kaum gestalterische Elemente und war vom Zweck gepr\u00e4gt. Oberlichter aus Holz waren noch nicht weitverbreitet.<\/p>\n\n\n\n<p>Die Schl\u00f6sser dieser Zeit sind au\u00dfergew\u00f6hnlich kompliziert und einbruchhemmend.<\/p>\n\n\n\n<div class=\"wp-block-image\"><figure class=\"alignright size-large\"><a href=\"\/index.php\/stele-4\/\"><img src=\"\/wp-content\/uploads\/2020\/09\/zurueck-1.svg\" alt=\"\" class=\"wp-image-662\"\/><\/a><\/figure><\/div>\n\n\n\n<div class=\"wp-block-image\"><figure class=\"aligncenter size-large\"><img loading=\"lazy\" width=\"622\" height=\"788\" src=\"\/wp-content\/uploads\/2020\/10\/HT08.jpg\" alt=\"\" class=\"wp-image-962\" srcset=\"https:\/\/denkmal2020.pax.de\/wp-content\/uploads\/2020\/10\/HT08.jpg 622w, https:\/\/denkmal2020.pax.de\/wp-content\/uploads\/2020\/10\/HT08-300x380.jpg 300w, https:\/\/denkmal2020.pax.de\/wp-content\/uploads\/2020\/10\/HT08-142x180.jpg 142w\" sizes=\"(max-width: 622px) 100vw, 622px\" \/><\/figure><\/div>\n","protected":false},"excerpt":{"rendered":"<p>Gotik ca. 1250 bis 1550 Diese Entwicklungsepochen mitteleurop\u00e4ischer Baukunst waren gepr\u00e4gt von Rundb\u00f6gen in der Romanik und spitz auslaufenden B\u00f6gen in der Gotik. Dies spiegelte sich auch in der Gestaltung von T\u00fcren wider. Sie waren in den unteren Bereichen gerade und folgten den entsprechenden B\u00f6gen oberhalb einer parallelen Linie. Aber auch gerade Abschl\u00fcsse mit einem\u2026 <a class=\"excerpt-dot\" href=\"https:\/\/denkmal2020.pax.de\/index.php\/stele-4\/romantik-ca-1000-bis-1250\/\" title=\"Romanik ca. 1000 bis 1250\"><svg xmlns=\"http:\/\/www.w3.org\/2000\/svg\" version=\"1.1\" x=\"0\" y=\"0\" width=\"30.2\" height=\"14.2\" viewBox=\"0 0 30.2 14.2\" enable-background=\"new 0 0 30.167 14.168\" xml:space=\"preserve\"><path d=\"M0.1 7.1c0-0.4 0.4-0.8 0.8-0.8h26.5l-5-4.9c-0.3-0.3-0.3-0.8 0-1.1 0.3-0.3 0.8-0.3 1.1 0l6.3 6.2c0.3 0.3 0.3 0.8 0 1.1l-6.3 6.2c-0.2 0.2-0.4 0.2-0.6 0.2 -0.2 0-0.4-0.1-0.6-0.2 -0.3-0.3-0.3-0.8 0-1.1l4.9-4.8H0.9C0.5 7.9 0.1 7.6 0.1 7.1z\"\/><\/svg><\/a><\/p>\n","protected":false},"author":1,"featured_media":0,"parent":943,"menu_order":0,"comment_status":"closed","ping_status":"closed","template":"","meta":[],"_links":{"self":[{"href":"https:\/\/denkmal2020.pax.de\/index.php\/wp-json\/wp\/v2\/pages\/960"}],"collection":[{"href":"https:\/\/denkmal2020.pax.de\/index.php\/wp-json\/wp\/v2\/pages"}],"about":[{"href":"https:\/\/denkmal2020.pax.de\/index.php\/wp-json\/wp\/v2\/types\/page"}],"author":[{"embeddable":true,"href":"https:\/\/denkmal2020.pax.de\/index.php\/wp-json\/wp\/v2\/users\/1"}],"replies":[{"embeddable":true,"href":"https:\/\/denkmal2020.pax.de\/index.php\/wp-json\/wp\/v2\/comments?post=960"}],"version-history":[{"count":7,"href":"https:\/\/denkmal2020.pax.de\/index.php\/wp-json\/wp\/v2\/pages\/960\/revisions"}],"predecessor-version":[{"id":1146,"href":"https:\/\/denkmal2020.pax.de\/index.php\/wp-json\/wp\/v2\/pages\/960\/revisions\/1146"}],"up":[{"embeddable":true,"href":"https:\/\/denkmal2020.pax.de\/index.php\/wp-json\/wp\/v2\/pages\/943"}],"wp:attachment":[{"href":"https:\/\/denkmal2020.pax.de\/index.php\/wp-json\/wp\/v2\/media?parent=960"}],"curies":[{"name":"wp","href":"https:\/\/api.w.org\/{rel}","templated":true}]}}

<h3>Gotik ca. 1250 bis 1550</h3>



<figure class="wp-block-image size-full"><a href="/index.php/stele-4/"><img loading="lazy" width="1900" height="1200" src="/wp-content/uploads/2020/10/ht07.jpg" alt="" class="wp-image-961" srcset="https://denkmal2020.pax.de/wp-content/uploads/2020/10/ht07.jpg 1900w, https://denkmal2020.pax.de/wp-content/uploads/2020/10/ht07-1024x647.jpg 1024w, https://denkmal2020.pax.de/wp-content/uploads/2020/10/ht07-768x485.jpg 768w, https://denkmal2020.pax.de/wp-content/uploads/2020/10/ht07-1536x970.jpg 1536w, https://denkmal2020.pax.de/wp-content/uploads/2020/10/ht07-602x380.jpg 602w, https://denkmal2020.pax.de/wp-content/uploads/2020/10/ht07-800x505.jpg 800w, https://denkmal2020.pax.de/wp-content/uploads/2020/10/ht07-285x180.jpg 285w" sizes="(max-width: 1900px) 100vw, 1900px" /></a></figure>



<p>Diese Entwicklungsepochen mitteleuropäischer Baukunst waren geprägt von Rundbögen in der Romanik und spitz auslaufenden Bögen in der Gotik.</p>



<p>Dies spiegelte sich auch in der Gestaltung von Türen wider. Sie waren in den unteren Bereichen gerade und folgten den entsprechenden Bögen oberhalb einer parallelen Linie. Aber auch gerade Abschlüsse mit einem waagerechten Sturz waren üblich. Zudem wurden die Gebäudezugänge hauptsächlich durch die aufwändig gearbeiteten Steingewände gestaltet. Die Tür selbst besaß kaum gestalterische Elemente und war vom Zweck geprägt. Oberlichter aus Holz waren noch nicht weitverbreitet.</p>



<p>Die Schlösser dieser Zeit sind außergewöhnlich kompliziert und einbruchhemmend.</p>



<div class="wp-block-image"><figure class="alignright size-large"><a href="/index.php/stele-4/"><img src="/wp-content/uploads/2020/09/zurueck-1.svg" alt="" class="wp-image-662"/></a></figure></div>



<div class="wp-block-image"><figure class="aligncenter size-large"><img loading="lazy" width="622" height="788" src="/wp-content/uploads/2020/10/HT08.jpg" alt="" class="wp-image-962" srcset="https://denkmal2020.pax.de/wp-content/uploads/2020/10/HT08.jpg 622w, https://denkmal2020.pax.de/wp-content/uploads/2020/10/HT08-300x380.jpg 300w, https://denkmal2020.pax.de/wp-content/uploads/2020/10/HT08-142x180.jpg 142w" sizes="(max-width: 622px) 100vw, 622px" /></figure></div>

<p>Gotik ca. 1250 bis 1550 Diese Entwicklungsepochen mitteleuropäischer Baukunst waren geprägt von Rundbögen in der Romanik und spitz auslaufenden Bögen in der Gotik. Dies spiegelte sich auch in der Gestaltung von Türen wider. Sie waren in den unteren Bereichen gerade und folgten den entsprechenden Bögen oberhalb einer parallelen Linie. Aber auch gerade Abschlüsse mit einem… <a class="excerpt-dot" href="https://denkmal2020.pax.de/index.php/stele-4/romantik-ca-1000-bis-1250/" title="Romanik ca. 1000 bis 1250"><svg xmlns="http://www.w3.org/2000/svg" version="1.1" x="0" y="0" width="30.2" height="14.2" viewBox="0 0 30.2 14.2" enable-background="new 0 0 30.167 14.168" xml:space="preserve"><path d="M0.1 7.1c0-0.4 0.4-0.8 0.8-0.8h26.5l-5-4.9c-0.3-0.3-0.3-0.8 0-1.1 0.3-0.3 0.8-0.3 1.1 0l6.3 6.2c0.3 0.3 0.3 0.8 0 1.1l-6.3 6.2c-0.2 0.2-0.4 0.2-0.6 0.2 -0.2 0-0.4-0.1-0.6-0.2 -0.3-0.3-0.3-0.8 0-1.1l4.9-4.8H0.9C0.5 7.9 0.1 7.6 0.1 7.1z"/></svg></a></p>
