{"id":974,"date":"2020-10-05T15:48:51","date_gmt":"2020-10-05T13:48:51","guid":{"rendered":"http:\/\/odihmvmainz.dyn.ddnss.de\/?page_id=974"},"modified":"2020-11-05T08:28:42","modified_gmt":"2020-11-05T07:28:42","slug":"barock-mit-rokoko-ca-1640-bis-1770","status":"publish","type":"page","link":"https:\/\/denkmal2020.pax.de\/index.php\/stele-4\/barock-mit-rokoko-ca-1640-bis-1770\/","title":{"rendered":"Barock mit Rokoko ca. 1640 bis 1770"},"content":{"rendered":"\n<figure class=\"wp-block-image size-full\"><a href=\"\/index.php\/stele-4\/\"><img loading=\"lazy\" width=\"1900\" height=\"1200\" src=\"\/wp-content\/uploads\/2020\/10\/HT10.jpg\" alt=\"\" class=\"wp-image-975\" srcset=\"https:\/\/denkmal2020.pax.de\/wp-content\/uploads\/2020\/10\/HT10.jpg 1900w, https:\/\/denkmal2020.pax.de\/wp-content\/uploads\/2020\/10\/HT10-1024x647.jpg 1024w, https:\/\/denkmal2020.pax.de\/wp-content\/uploads\/2020\/10\/HT10-768x485.jpg 768w, https:\/\/denkmal2020.pax.de\/wp-content\/uploads\/2020\/10\/HT10-1536x970.jpg 1536w, https:\/\/denkmal2020.pax.de\/wp-content\/uploads\/2020\/10\/HT10-602x380.jpg 602w, https:\/\/denkmal2020.pax.de\/wp-content\/uploads\/2020\/10\/HT10-800x505.jpg 800w, https:\/\/denkmal2020.pax.de\/wp-content\/uploads\/2020\/10\/HT10-285x180.jpg 285w\" sizes=\"(max-width: 1900px) 100vw, 1900px\" \/><\/a><\/figure>\n\n\n\n<p>Dies war die prunkvolle Zeit des Absolutismus \u2013 in der die Herrscher ihre Macht durch den Bau prachtvoller Schl\u00f6sser und Herrenh\u00e4user mit viel Liebe zum Detail demonstrierten.<\/p>\n\n\n\n<p>Obwohl der Baustil wesentlich pomp\u00f6ser wurde, gab es wenig konstruktive Neuerungen, da seit der Renaissance eigentlich alle heute bekannten Holzverbindungen \u00fcblich waren. Lediglich sogenannte und bis heute verwendete Fitsch- oder Einstemmb\u00e4nder mit Bandrolle wurden erstmals benutzt. Zudem wurde die Formensprache auch in der Gestaltung von Haust\u00fcren immer aufw\u00e4ndiger. Besondere Merkmale sind beispielsweise Voluten (schneckenf\u00f6rmige Ornamente), geschweifte, stark profilierte und gekr\u00f6pfte K\u00e4mpfer sowie Beschl\u00e4ge und Dr\u00fccker aus gestanztem oder gegossenem Messing.<\/p>\n\n\n\n<div class=\"wp-block-image\"><figure class=\"alignright size-large\"><a href=\"\/index.php\/stele-4\/\"><img src=\"\/wp-content\/uploads\/2020\/09\/zurueck-1.svg\" alt=\"\" class=\"wp-image-662\"\/><\/a><\/figure><\/div>\n","protected":false},"excerpt":{"rendered":"<p>Dies war die prunkvolle Zeit des Absolutismus \u2013 in der die Herrscher ihre Macht durch den Bau prachtvoller Schl\u00f6sser und Herrenh\u00e4user mit viel Liebe zum Detail demonstrierten. Obwohl der Baustil wesentlich pomp\u00f6ser wurde, gab es wenig konstruktive Neuerungen, da seit der Renaissance eigentlich alle heute bekannten Holzverbindungen \u00fcblich waren. Lediglich sogenannte und bis heute verwendete\u2026 <a class=\"excerpt-dot\" href=\"https:\/\/denkmal2020.pax.de\/index.php\/stele-4\/barock-mit-rokoko-ca-1640-bis-1770\/\" title=\"Barock mit Rokoko ca. 1640 bis 1770\"><svg xmlns=\"http:\/\/www.w3.org\/2000\/svg\" version=\"1.1\" x=\"0\" y=\"0\" width=\"30.2\" height=\"14.2\" viewBox=\"0 0 30.2 14.2\" enable-background=\"new 0 0 30.167 14.168\" xml:space=\"preserve\"><path d=\"M0.1 7.1c0-0.4 0.4-0.8 0.8-0.8h26.5l-5-4.9c-0.3-0.3-0.3-0.8 0-1.1 0.3-0.3 0.8-0.3 1.1 0l6.3 6.2c0.3 0.3 0.3 0.8 0 1.1l-6.3 6.2c-0.2 0.2-0.4 0.2-0.6 0.2 -0.2 0-0.4-0.1-0.6-0.2 -0.3-0.3-0.3-0.8 0-1.1l4.9-4.8H0.9C0.5 7.9 0.1 7.6 0.1 7.1z\"\/><\/svg><\/a><\/p>\n","protected":false},"author":1,"featured_media":0,"parent":943,"menu_order":0,"comment_status":"closed","ping_status":"closed","template":"","meta":[],"_links":{"self":[{"href":"https:\/\/denkmal2020.pax.de\/index.php\/wp-json\/wp\/v2\/pages\/974"}],"collection":[{"href":"https:\/\/denkmal2020.pax.de\/index.php\/wp-json\/wp\/v2\/pages"}],"about":[{"href":"https:\/\/denkmal2020.pax.de\/index.php\/wp-json\/wp\/v2\/types\/page"}],"author":[{"embeddable":true,"href":"https:\/\/denkmal2020.pax.de\/index.php\/wp-json\/wp\/v2\/users\/1"}],"replies":[{"embeddable":true,"href":"https:\/\/denkmal2020.pax.de\/index.php\/wp-json\/wp\/v2\/comments?post=974"}],"version-history":[{"count":7,"href":"https:\/\/denkmal2020.pax.de\/index.php\/wp-json\/wp\/v2\/pages\/974\/revisions"}],"predecessor-version":[{"id":1150,"href":"https:\/\/denkmal2020.pax.de\/index.php\/wp-json\/wp\/v2\/pages\/974\/revisions\/1150"}],"up":[{"embeddable":true,"href":"https:\/\/denkmal2020.pax.de\/index.php\/wp-json\/wp\/v2\/pages\/943"}],"wp:attachment":[{"href":"https:\/\/denkmal2020.pax.de\/index.php\/wp-json\/wp\/v2\/media?parent=974"}],"curies":[{"name":"wp","href":"https:\/\/api.w.org\/{rel}","templated":true}]}}

<figure class="wp-block-image size-full"><a href="/index.php/stele-4/"><img loading="lazy" width="1900" height="1200" src="/wp-content/uploads/2020/10/HT10.jpg" alt="" class="wp-image-975" srcset="https://denkmal2020.pax.de/wp-content/uploads/2020/10/HT10.jpg 1900w, https://denkmal2020.pax.de/wp-content/uploads/2020/10/HT10-1024x647.jpg 1024w, https://denkmal2020.pax.de/wp-content/uploads/2020/10/HT10-768x485.jpg 768w, https://denkmal2020.pax.de/wp-content/uploads/2020/10/HT10-1536x970.jpg 1536w, https://denkmal2020.pax.de/wp-content/uploads/2020/10/HT10-602x380.jpg 602w, https://denkmal2020.pax.de/wp-content/uploads/2020/10/HT10-800x505.jpg 800w, https://denkmal2020.pax.de/wp-content/uploads/2020/10/HT10-285x180.jpg 285w" sizes="(max-width: 1900px) 100vw, 1900px" /></a></figure>



<p>Dies war die prunkvolle Zeit des Absolutismus – in der die Herrscher ihre Macht durch den Bau prachtvoller Schlösser und Herrenhäuser mit viel Liebe zum Detail demonstrierten.</p>



<p>Obwohl der Baustil wesentlich pompöser wurde, gab es wenig konstruktive Neuerungen, da seit der Renaissance eigentlich alle heute bekannten Holzverbindungen üblich waren. Lediglich sogenannte und bis heute verwendete Fitsch- oder Einstemmbänder mit Bandrolle wurden erstmals benutzt. Zudem wurde die Formensprache auch in der Gestaltung von Haustüren immer aufwändiger. Besondere Merkmale sind beispielsweise Voluten (schneckenförmige Ornamente), geschweifte, stark profilierte und gekröpfte Kämpfer sowie Beschläge und Drücker aus gestanztem oder gegossenem Messing.</p>



<div class="wp-block-image"><figure class="alignright size-large"><a href="/index.php/stele-4/"><img src="/wp-content/uploads/2020/09/zurueck-1.svg" alt="" class="wp-image-662"/></a></figure></div>

<p>Dies war die prunkvolle Zeit des Absolutismus – in der die Herrscher ihre Macht durch den Bau prachtvoller Schlösser und Herrenhäuser mit viel Liebe zum Detail demonstrierten. Obwohl der Baustil wesentlich pompöser wurde, gab es wenig konstruktive Neuerungen, da seit der Renaissance eigentlich alle heute bekannten Holzverbindungen üblich waren. Lediglich sogenannte und bis heute verwendete… <a class="excerpt-dot" href="https://denkmal2020.pax.de/index.php/stele-4/barock-mit-rokoko-ca-1640-bis-1770/" title="Barock mit Rokoko ca. 1640 bis 1770"><svg xmlns="http://www.w3.org/2000/svg" version="1.1" x="0" y="0" width="30.2" height="14.2" viewBox="0 0 30.2 14.2" enable-background="new 0 0 30.167 14.168" xml:space="preserve"><path d="M0.1 7.1c0-0.4 0.4-0.8 0.8-0.8h26.5l-5-4.9c-0.3-0.3-0.3-0.8 0-1.1 0.3-0.3 0.8-0.3 1.1 0l6.3 6.2c0.3 0.3 0.3 0.8 0 1.1l-6.3 6.2c-0.2 0.2-0.4 0.2-0.6 0.2 -0.2 0-0.4-0.1-0.6-0.2 -0.3-0.3-0.3-0.8 0-1.1l4.9-4.8H0.9C0.5 7.9 0.1 7.6 0.1 7.1z"/></svg></a></p>
