{"id":983,"date":"2020-10-05T15:59:49","date_gmt":"2020-10-05T13:59:49","guid":{"rendered":"http:\/\/odihmvmainz.dyn.ddnss.de\/?page_id=983"},"modified":"2020-11-05T08:30:13","modified_gmt":"2020-11-05T07:30:13","slug":"klassizismus-ca-1770-bis-1850","status":"publish","type":"page","link":"https:\/\/denkmal2020.pax.de\/index.php\/stele-4\/klassizismus-ca-1770-bis-1850\/","title":{"rendered":"Klassizismus ca. 1770 bis 1850"},"content":{"rendered":"\n<figure class=\"wp-block-image size-full\"><a href=\"\/index.php\/stele-4\/\"><img loading=\"lazy\" width=\"1900\" height=\"1200\" src=\"\/wp-content\/uploads\/2020\/10\/HT06.jpg\" alt=\"\" class=\"wp-image-944\" srcset=\"https:\/\/denkmal2020.pax.de\/wp-content\/uploads\/2020\/10\/HT06.jpg 1900w, https:\/\/denkmal2020.pax.de\/wp-content\/uploads\/2020\/10\/HT06-1024x647.jpg 1024w, https:\/\/denkmal2020.pax.de\/wp-content\/uploads\/2020\/10\/HT06-768x485.jpg 768w, https:\/\/denkmal2020.pax.de\/wp-content\/uploads\/2020\/10\/HT06-1536x970.jpg 1536w, https:\/\/denkmal2020.pax.de\/wp-content\/uploads\/2020\/10\/HT06-602x380.jpg 602w, https:\/\/denkmal2020.pax.de\/wp-content\/uploads\/2020\/10\/HT06-800x505.jpg 800w, https:\/\/denkmal2020.pax.de\/wp-content\/uploads\/2020\/10\/HT06-285x180.jpg 285w\" sizes=\"(max-width: 1900px) 100vw, 1900px\" \/><\/a><\/figure>\n\n\n\n<p>Der Klassizismus l\u00f6ste Barock und Rokoko ab. Auch diese Epoche stellte stilistisch einen R\u00fcckgriff auf die Formensprache der griechischen und r\u00f6mischen Antike dar. Deshalb wurde ganz bewusst auf B\u00f6gen oder jede andere Art von geschwungenen Formen verzichtet. Es dominierten gerade und sachliche Formen, schmale rechteckige Gestaltungen und eingenutete oder \u00fcberschobene F\u00fcllungen bei Haust\u00fcren. Die F\u00fcllungen waren oft mit angehobelten Kanneluren (Rinnen, Furchen, Rillen) oder Rhomben versehen. Aber auch geschnitzte Sonnenmotive in den F\u00fcllungen waren sehr verbreitet.<\/p>\n\n\n\n<p>Zudem waren aus gestalterischen Gr\u00fcnden die Querst\u00fccke der Rahmen oft erheblich breiter als die senkrechten Rahmenteile. Eine ausgewogene Symmetrie und eine harmonische Gestaltung sind besondere Merkmale dieser Zeit. Zudem spielten sowohl Eisen als auch Messing bei Beschl\u00e4gen eine beherrschende Rolle.<\/p>\n\n\n\n<div class=\"wp-block-image\"><figure class=\"alignright size-large\"><a href=\"\/index.php\/stele-4\/\"><img src=\"\/wp-content\/uploads\/2020\/09\/zurueck-1.svg\" alt=\"\" class=\"wp-image-662\"\/><\/a><\/figure><\/div>\n","protected":false},"excerpt":{"rendered":"<p>Der Klassizismus l\u00f6ste Barock und Rokoko ab. Auch diese Epoche stellte stilistisch einen R\u00fcckgriff auf die Formensprache der griechischen und r\u00f6mischen Antike dar. Deshalb wurde ganz bewusst auf B\u00f6gen oder jede andere Art von geschwungenen Formen verzichtet. Es dominierten gerade und sachliche Formen, schmale rechteckige Gestaltungen und eingenutete oder \u00fcberschobene F\u00fcllungen bei Haust\u00fcren. Die F\u00fcllungen\u2026 <a class=\"excerpt-dot\" href=\"https:\/\/denkmal2020.pax.de\/index.php\/stele-4\/klassizismus-ca-1770-bis-1850\/\" title=\"Klassizismus ca. 1770 bis 1850\"><svg xmlns=\"http:\/\/www.w3.org\/2000\/svg\" version=\"1.1\" x=\"0\" y=\"0\" width=\"30.2\" height=\"14.2\" viewBox=\"0 0 30.2 14.2\" enable-background=\"new 0 0 30.167 14.168\" xml:space=\"preserve\"><path d=\"M0.1 7.1c0-0.4 0.4-0.8 0.8-0.8h26.5l-5-4.9c-0.3-0.3-0.3-0.8 0-1.1 0.3-0.3 0.8-0.3 1.1 0l6.3 6.2c0.3 0.3 0.3 0.8 0 1.1l-6.3 6.2c-0.2 0.2-0.4 0.2-0.6 0.2 -0.2 0-0.4-0.1-0.6-0.2 -0.3-0.3-0.3-0.8 0-1.1l4.9-4.8H0.9C0.5 7.9 0.1 7.6 0.1 7.1z\"\/><\/svg><\/a><\/p>\n","protected":false},"author":1,"featured_media":0,"parent":943,"menu_order":0,"comment_status":"closed","ping_status":"closed","template":"","meta":[],"_links":{"self":[{"href":"https:\/\/denkmal2020.pax.de\/index.php\/wp-json\/wp\/v2\/pages\/983"}],"collection":[{"href":"https:\/\/denkmal2020.pax.de\/index.php\/wp-json\/wp\/v2\/pages"}],"about":[{"href":"https:\/\/denkmal2020.pax.de\/index.php\/wp-json\/wp\/v2\/types\/page"}],"author":[{"embeddable":true,"href":"https:\/\/denkmal2020.pax.de\/index.php\/wp-json\/wp\/v2\/users\/1"}],"replies":[{"embeddable":true,"href":"https:\/\/denkmal2020.pax.de\/index.php\/wp-json\/wp\/v2\/comments?post=983"}],"version-history":[{"count":4,"href":"https:\/\/denkmal2020.pax.de\/index.php\/wp-json\/wp\/v2\/pages\/983\/revisions"}],"predecessor-version":[{"id":1152,"href":"https:\/\/denkmal2020.pax.de\/index.php\/wp-json\/wp\/v2\/pages\/983\/revisions\/1152"}],"up":[{"embeddable":true,"href":"https:\/\/denkmal2020.pax.de\/index.php\/wp-json\/wp\/v2\/pages\/943"}],"wp:attachment":[{"href":"https:\/\/denkmal2020.pax.de\/index.php\/wp-json\/wp\/v2\/media?parent=983"}],"curies":[{"name":"wp","href":"https:\/\/api.w.org\/{rel}","templated":true}]}}

<figure class="wp-block-image size-full"><a href="/index.php/stele-4/"><img loading="lazy" width="1900" height="1200" src="/wp-content/uploads/2020/10/HT06.jpg" alt="" class="wp-image-944" srcset="https://denkmal2020.pax.de/wp-content/uploads/2020/10/HT06.jpg 1900w, https://denkmal2020.pax.de/wp-content/uploads/2020/10/HT06-1024x647.jpg 1024w, https://denkmal2020.pax.de/wp-content/uploads/2020/10/HT06-768x485.jpg 768w, https://denkmal2020.pax.de/wp-content/uploads/2020/10/HT06-1536x970.jpg 1536w, https://denkmal2020.pax.de/wp-content/uploads/2020/10/HT06-602x380.jpg 602w, https://denkmal2020.pax.de/wp-content/uploads/2020/10/HT06-800x505.jpg 800w, https://denkmal2020.pax.de/wp-content/uploads/2020/10/HT06-285x180.jpg 285w" sizes="(max-width: 1900px) 100vw, 1900px" /></a></figure>



<p>Der Klassizismus löste Barock und Rokoko ab. Auch diese Epoche stellte stilistisch einen Rückgriff auf die Formensprache der griechischen und römischen Antike dar. Deshalb wurde ganz bewusst auf Bögen oder jede andere Art von geschwungenen Formen verzichtet. Es dominierten gerade und sachliche Formen, schmale rechteckige Gestaltungen und eingenutete oder überschobene Füllungen bei Haustüren. Die Füllungen waren oft mit angehobelten Kanneluren (Rinnen, Furchen, Rillen) oder Rhomben versehen. Aber auch geschnitzte Sonnenmotive in den Füllungen waren sehr verbreitet.</p>



<p>Zudem waren aus gestalterischen Gründen die Querstücke der Rahmen oft erheblich breiter als die senkrechten Rahmenteile. Eine ausgewogene Symmetrie und eine harmonische Gestaltung sind besondere Merkmale dieser Zeit. Zudem spielten sowohl Eisen als auch Messing bei Beschlägen eine beherrschende Rolle.</p>



<div class="wp-block-image"><figure class="alignright size-large"><a href="/index.php/stele-4/"><img src="/wp-content/uploads/2020/09/zurueck-1.svg" alt="" class="wp-image-662"/></a></figure></div>

<p>Der Klassizismus löste Barock und Rokoko ab. Auch diese Epoche stellte stilistisch einen Rückgriff auf die Formensprache der griechischen und römischen Antike dar. Deshalb wurde ganz bewusst auf Bögen oder jede andere Art von geschwungenen Formen verzichtet. Es dominierten gerade und sachliche Formen, schmale rechteckige Gestaltungen und eingenutete oder überschobene Füllungen bei Haustüren. Die Füllungen… <a class="excerpt-dot" href="https://denkmal2020.pax.de/index.php/stele-4/klassizismus-ca-1770-bis-1850/" title="Klassizismus ca. 1770 bis 1850"><svg xmlns="http://www.w3.org/2000/svg" version="1.1" x="0" y="0" width="30.2" height="14.2" viewBox="0 0 30.2 14.2" enable-background="new 0 0 30.167 14.168" xml:space="preserve"><path d="M0.1 7.1c0-0.4 0.4-0.8 0.8-0.8h26.5l-5-4.9c-0.3-0.3-0.3-0.8 0-1.1 0.3-0.3 0.8-0.3 1.1 0l6.3 6.2c0.3 0.3 0.3 0.8 0 1.1l-6.3 6.2c-0.2 0.2-0.4 0.2-0.6 0.2 -0.2 0-0.4-0.1-0.6-0.2 -0.3-0.3-0.3-0.8 0-1.1l4.9-4.8H0.9C0.5 7.9 0.1 7.6 0.1 7.1z"/></svg></a></p>
