{"id":986,"date":"2020-10-05T16:08:24","date_gmt":"2020-10-05T14:08:24","guid":{"rendered":"http:\/\/odihmvmainz.dyn.ddnss.de\/?page_id=986"},"modified":"2020-11-05T08:32:15","modified_gmt":"2020-11-05T07:32:15","slug":"historismus-gruenderzeit-ca-1850-bis-1910","status":"publish","type":"page","link":"https:\/\/denkmal2020.pax.de\/index.php\/stele-4\/historismus-gruenderzeit-ca-1850-bis-1910\/","title":{"rendered":"Historismus\/Gr\u00fcnderzeit ca. 1850 bis 1910"},"content":{"rendered":"\n<figure class=\"wp-block-image size-full\"><a href=\"\/index.php\/stele-4\/\"><img loading=\"lazy\" width=\"1900\" height=\"1200\" src=\"\/wp-content\/uploads\/2020\/10\/HT11.jpg\" alt=\"\" class=\"wp-image-987\" srcset=\"https:\/\/denkmal2020.pax.de\/wp-content\/uploads\/2020\/10\/HT11.jpg 1900w, https:\/\/denkmal2020.pax.de\/wp-content\/uploads\/2020\/10\/HT11-1024x647.jpg 1024w, https:\/\/denkmal2020.pax.de\/wp-content\/uploads\/2020\/10\/HT11-768x485.jpg 768w, https:\/\/denkmal2020.pax.de\/wp-content\/uploads\/2020\/10\/HT11-1536x970.jpg 1536w, https:\/\/denkmal2020.pax.de\/wp-content\/uploads\/2020\/10\/HT11-602x380.jpg 602w, https:\/\/denkmal2020.pax.de\/wp-content\/uploads\/2020\/10\/HT11-800x505.jpg 800w, https:\/\/denkmal2020.pax.de\/wp-content\/uploads\/2020\/10\/HT11-285x180.jpg 285w\" sizes=\"(max-width: 1900px) 100vw, 1900px\" \/><\/a><\/figure>\n\n\n\n<p>In der Architektur des Historismus wurde auf alte Stile zur\u00fcckgegriffen; diese wurden je nach Funktion eingesetzt.<\/p>\n\n\n\n<p>Auch bei der Gestaltung von Haust\u00fcren wurden Elemente vorausgegangener Stil\u00adepochen imitiert und zusammengebracht, die nachfolgend auch als Neogotik, Neorenaissance oder Neobarock bezeichnet wurden. Die meist aus Eiche hergestellten T\u00fcren hatten oft Glasfelder mit den dem Zeitgeschmack entsprechend geschmiedeten Gittern sowie viel aufgesetzten Profilierungen und stark profilierten Schlagleiten. Eine klare Anlehnung an die antiken S\u00e4ulenformen. Die optisch h\u00e4ufig sehr massiv wirkenden T\u00fcren unterstrichen so auch die Gestaltung der Gesamtfassade.<\/p>\n\n\n\n<p>Erstmals waren geschnitzte und gefr\u00e4ste Profile sowie B\u00e4nder, Schl\u00f6sser und andere Beschl\u00e4ge als Katalogware konfektioniert. Einer der Gr\u00fcnde, warum sich an T\u00fcren dieser Zeit unendlich viele Parallelen finden lassen.<\/p>\n\n\n\n<div class=\"wp-block-image\"><figure class=\"alignright size-large\"><a href=\"\/index.php\/stele-4\/\"><img src=\"\/wp-content\/uploads\/2020\/09\/zurueck-1.svg\" alt=\"\" class=\"wp-image-662\"\/><\/a><\/figure><\/div>\n\n\n\n<div class=\"wp-block-image\"><figure class=\"aligncenter size-large\"><img loading=\"lazy\" width=\"717\" height=\"717\" src=\"\/wp-content\/uploads\/2020\/10\/HT12.jpg\" alt=\"\" class=\"wp-image-989\" srcset=\"https:\/\/denkmal2020.pax.de\/wp-content\/uploads\/2020\/10\/HT12.jpg 717w, https:\/\/denkmal2020.pax.de\/wp-content\/uploads\/2020\/10\/HT12-300x300.jpg 300w, https:\/\/denkmal2020.pax.de\/wp-content\/uploads\/2020\/10\/HT12-150x150.jpg 150w, https:\/\/denkmal2020.pax.de\/wp-content\/uploads\/2020\/10\/HT12-380x380.jpg 380w, https:\/\/denkmal2020.pax.de\/wp-content\/uploads\/2020\/10\/HT12-180x180.jpg 180w\" sizes=\"(max-width: 717px) 100vw, 717px\" \/><\/figure><\/div>\n","protected":false},"excerpt":{"rendered":"<p>In der Architektur des Historismus wurde auf alte Stile zur\u00fcckgegriffen; diese wurden je nach Funktion eingesetzt. Auch bei der Gestaltung von Haust\u00fcren wurden Elemente vorausgegangener Stil\u00adepochen imitiert und zusammengebracht, die nachfolgend auch als Neogotik, Neorenaissance oder Neobarock bezeichnet wurden. Die meist aus Eiche hergestellten T\u00fcren hatten oft Glasfelder mit den dem Zeitgeschmack entsprechend geschmiedeten Gittern\u2026 <a class=\"excerpt-dot\" href=\"https:\/\/denkmal2020.pax.de\/index.php\/stele-4\/historismus-gruenderzeit-ca-1850-bis-1910\/\" title=\"Historismus\/Gr\u00fcnderzeit ca. 1850 bis 1910\"><svg xmlns=\"http:\/\/www.w3.org\/2000\/svg\" version=\"1.1\" x=\"0\" y=\"0\" width=\"30.2\" height=\"14.2\" viewBox=\"0 0 30.2 14.2\" enable-background=\"new 0 0 30.167 14.168\" xml:space=\"preserve\"><path d=\"M0.1 7.1c0-0.4 0.4-0.8 0.8-0.8h26.5l-5-4.9c-0.3-0.3-0.3-0.8 0-1.1 0.3-0.3 0.8-0.3 1.1 0l6.3 6.2c0.3 0.3 0.3 0.8 0 1.1l-6.3 6.2c-0.2 0.2-0.4 0.2-0.6 0.2 -0.2 0-0.4-0.1-0.6-0.2 -0.3-0.3-0.3-0.8 0-1.1l4.9-4.8H0.9C0.5 7.9 0.1 7.6 0.1 7.1z\"\/><\/svg><\/a><\/p>\n","protected":false},"author":1,"featured_media":0,"parent":943,"menu_order":0,"comment_status":"closed","ping_status":"closed","template":"","meta":[],"_links":{"self":[{"href":"https:\/\/denkmal2020.pax.de\/index.php\/wp-json\/wp\/v2\/pages\/986"}],"collection":[{"href":"https:\/\/denkmal2020.pax.de\/index.php\/wp-json\/wp\/v2\/pages"}],"about":[{"href":"https:\/\/denkmal2020.pax.de\/index.php\/wp-json\/wp\/v2\/types\/page"}],"author":[{"embeddable":true,"href":"https:\/\/denkmal2020.pax.de\/index.php\/wp-json\/wp\/v2\/users\/1"}],"replies":[{"embeddable":true,"href":"https:\/\/denkmal2020.pax.de\/index.php\/wp-json\/wp\/v2\/comments?post=986"}],"version-history":[{"count":5,"href":"https:\/\/denkmal2020.pax.de\/index.php\/wp-json\/wp\/v2\/pages\/986\/revisions"}],"predecessor-version":[{"id":1154,"href":"https:\/\/denkmal2020.pax.de\/index.php\/wp-json\/wp\/v2\/pages\/986\/revisions\/1154"}],"up":[{"embeddable":true,"href":"https:\/\/denkmal2020.pax.de\/index.php\/wp-json\/wp\/v2\/pages\/943"}],"wp:attachment":[{"href":"https:\/\/denkmal2020.pax.de\/index.php\/wp-json\/wp\/v2\/media?parent=986"}],"curies":[{"name":"wp","href":"https:\/\/api.w.org\/{rel}","templated":true}]}}

Historismus/Gründerzeit ca. 1850 bis 1910

<figure class="wp-block-image size-full"><a href="/index.php/stele-4/"><img loading="lazy" width="1900" height="1200" src="/wp-content/uploads/2020/10/HT11.jpg" alt="" class="wp-image-987" srcset="https://denkmal2020.pax.de/wp-content/uploads/2020/10/HT11.jpg 1900w, https://denkmal2020.pax.de/wp-content/uploads/2020/10/HT11-1024x647.jpg 1024w, https://denkmal2020.pax.de/wp-content/uploads/2020/10/HT11-768x485.jpg 768w, https://denkmal2020.pax.de/wp-content/uploads/2020/10/HT11-1536x970.jpg 1536w, https://denkmal2020.pax.de/wp-content/uploads/2020/10/HT11-602x380.jpg 602w, https://denkmal2020.pax.de/wp-content/uploads/2020/10/HT11-800x505.jpg 800w, https://denkmal2020.pax.de/wp-content/uploads/2020/10/HT11-285x180.jpg 285w" sizes="(max-width: 1900px) 100vw, 1900px" /></a></figure>



<p>In der Architektur des Historismus wurde auf alte Stile zurückgegriffen; diese wurden je nach Funktion eingesetzt.</p>



<p>Auch bei der Gestaltung von Haustüren wurden Elemente vorausgegangener Stil­epochen imitiert und zusammengebracht, die nachfolgend auch als Neogotik, Neorenaissance oder Neobarock bezeichnet wurden. Die meist aus Eiche hergestellten Türen hatten oft Glasfelder mit den dem Zeitgeschmack entsprechend geschmiedeten Gittern sowie viel aufgesetzten Profilierungen und stark profilierten Schlagleiten. Eine klare Anlehnung an die antiken Säulenformen. Die optisch häufig sehr massiv wirkenden Türen unterstrichen so auch die Gestaltung der Gesamtfassade.</p>



<p>Erstmals waren geschnitzte und gefräste Profile sowie Bänder, Schlösser und andere Beschläge als Katalogware konfektioniert. Einer der Gründe, warum sich an Türen dieser Zeit unendlich viele Parallelen finden lassen.</p>



<div class="wp-block-image"><figure class="alignright size-large"><a href="/index.php/stele-4/"><img src="/wp-content/uploads/2020/09/zurueck-1.svg" alt="" class="wp-image-662"/></a></figure></div>



<div class="wp-block-image"><figure class="aligncenter size-large"><img loading="lazy" width="717" height="717" src="/wp-content/uploads/2020/10/HT12.jpg" alt="" class="wp-image-989" srcset="https://denkmal2020.pax.de/wp-content/uploads/2020/10/HT12.jpg 717w, https://denkmal2020.pax.de/wp-content/uploads/2020/10/HT12-300x300.jpg 300w, https://denkmal2020.pax.de/wp-content/uploads/2020/10/HT12-150x150.jpg 150w, https://denkmal2020.pax.de/wp-content/uploads/2020/10/HT12-380x380.jpg 380w, https://denkmal2020.pax.de/wp-content/uploads/2020/10/HT12-180x180.jpg 180w" sizes="(max-width: 717px) 100vw, 717px" /></figure></div>

<p>In der Architektur des Historismus wurde auf alte Stile zurückgegriffen; diese wurden je nach Funktion eingesetzt. Auch bei der Gestaltung von Haustüren wurden Elemente vorausgegangener Stil­epochen imitiert und zusammengebracht, die nachfolgend auch als Neogotik, Neorenaissance oder Neobarock bezeichnet wurden. Die meist aus Eiche hergestellten Türen hatten oft Glasfelder mit den dem Zeitgeschmack entsprechend geschmiedeten Gittern… <a class="excerpt-dot" href="https://denkmal2020.pax.de/index.php/stele-4/historismus-gruenderzeit-ca-1850-bis-1910/" title="Historismus/Gründerzeit ca. 1850 bis 1910"><svg xmlns="http://www.w3.org/2000/svg" version="1.1" x="0" y="0" width="30.2" height="14.2" viewBox="0 0 30.2 14.2" enable-background="new 0 0 30.167 14.168" xml:space="preserve"><path d="M0.1 7.1c0-0.4 0.4-0.8 0.8-0.8h26.5l-5-4.9c-0.3-0.3-0.3-0.8 0-1.1 0.3-0.3 0.8-0.3 1.1 0l6.3 6.2c0.3 0.3 0.3 0.8 0 1.1l-6.3 6.2c-0.2 0.2-0.4 0.2-0.6 0.2 -0.2 0-0.4-0.1-0.6-0.2 -0.3-0.3-0.3-0.8 0-1.1l4.9-4.8H0.9C0.5 7.9 0.1 7.6 0.1 7.1z"/></svg></a></p>
