{"id":992,"date":"2020-10-05T16:23:59","date_gmt":"2020-10-05T14:23:59","guid":{"rendered":"http:\/\/odihmvmainz.dyn.ddnss.de\/?page_id=992"},"modified":"2020-11-05T08:33:22","modified_gmt":"2020-11-05T07:33:22","slug":"jugenstil-ca-1896-bis-1915","status":"publish","type":"page","link":"https:\/\/denkmal2020.pax.de\/index.php\/stele-4\/jugenstil-ca-1896-bis-1915\/","title":{"rendered":"Jugenstil ca. 1896 bis 1915"},"content":{"rendered":"\n<figure class=\"wp-block-image size-full\"><a href=\"\/index.php\/stele-4\/\"><img loading=\"lazy\" width=\"1900\" height=\"1200\" src=\"\/wp-content\/uploads\/2020\/10\/HT13.jpg\" alt=\"\" class=\"wp-image-993\" srcset=\"https:\/\/denkmal2020.pax.de\/wp-content\/uploads\/2020\/10\/HT13.jpg 1900w, https:\/\/denkmal2020.pax.de\/wp-content\/uploads\/2020\/10\/HT13-1024x647.jpg 1024w, https:\/\/denkmal2020.pax.de\/wp-content\/uploads\/2020\/10\/HT13-768x485.jpg 768w, https:\/\/denkmal2020.pax.de\/wp-content\/uploads\/2020\/10\/HT13-1536x970.jpg 1536w, https:\/\/denkmal2020.pax.de\/wp-content\/uploads\/2020\/10\/HT13-602x380.jpg 602w, https:\/\/denkmal2020.pax.de\/wp-content\/uploads\/2020\/10\/HT13-800x505.jpg 800w, https:\/\/denkmal2020.pax.de\/wp-content\/uploads\/2020\/10\/HT13-285x180.jpg 285w\" sizes=\"(max-width: 1900px) 100vw, 1900px\" \/><\/a><\/figure>\n\n\n\n<p>In dieser Zeit erfahren wir eine gro\u00dfe Verschmelzung von Kunst und Leben. Das \u201eGesamtkunstwerk\u201c pr\u00e4gt die Gestaltung auch in der Architektur.<\/p>\n\n\n\n<p>Somit stellt diese Gestaltungsepoche einen erheblichen Gegensatz zu allen bis dahin vorgefundenen Stilistiken dar. Auch bei Haust\u00fcren \u00fcberwogen, je nach Region, nun floral geschweifte oder auch \u00adgeometrische Elemente. Ein Stil, der auch bei den so\u00adgenannten Windfangt\u00fcren zu finden ist. In der Binnengliederung von Haust\u00fcren \u00adwaren weiche und flie\u00dfende Formen \u00fcblich &#8211; florale Schnitzereien in den F\u00fcllungen und Buntverglasungen mit Bleistegen. Weiterhin benutzt wurden Fitsch- und Einstemmb\u00e4nder sowie T\u00fcrgarnituren aus zumeist Messingguss mit eingearbeiteten floralen Elementen.<\/p>\n\n\n\n<p>Die Haust\u00fcr nimmt in dieser Zeit gestalterisch eine besondere Rolle ein. Sie ist der\u00ad kr\u00f6nende Abschluss der Fassade. Aufliegen\u00adde B\u00e4nder und Scharniere waren beliebte Gestaltungselemente.<\/p>\n\n\n\n<p>Trotz der K\u00fcrze dieser Epoche brachte sie Unmengen an Gestaltungsvarianten hervor.<\/p>\n\n\n\n<div class=\"wp-block-image\"><figure class=\"alignright size-large\"><a href=\"\/index.php\/stele-4\/\"><img src=\"\/wp-content\/uploads\/2020\/09\/zurueck-1.svg\" alt=\"\" class=\"wp-image-662\"\/><\/a><\/figure><\/div>\n\n\n\n<figure class=\"wp-block-image size-full\"><img loading=\"lazy\" width=\"1900\" height=\"1200\" src=\"http:\/\/odihmvmainz.dyn.ddnss.de\/wp-content\/uploads\/2020\/10\/HT14.jpg\" alt=\"\" class=\"wp-image-994\" srcset=\"https:\/\/denkmal2020.pax.de\/wp-content\/uploads\/2020\/10\/HT14.jpg 1900w, https:\/\/denkmal2020.pax.de\/wp-content\/uploads\/2020\/10\/HT14-1024x647.jpg 1024w, https:\/\/denkmal2020.pax.de\/wp-content\/uploads\/2020\/10\/HT14-768x485.jpg 768w, https:\/\/denkmal2020.pax.de\/wp-content\/uploads\/2020\/10\/HT14-1536x970.jpg 1536w, https:\/\/denkmal2020.pax.de\/wp-content\/uploads\/2020\/10\/HT14-602x380.jpg 602w, https:\/\/denkmal2020.pax.de\/wp-content\/uploads\/2020\/10\/HT14-800x505.jpg 800w, https:\/\/denkmal2020.pax.de\/wp-content\/uploads\/2020\/10\/HT14-285x180.jpg 285w\" sizes=\"(max-width: 1900px) 100vw, 1900px\" \/><\/figure>\n","protected":false},"excerpt":{"rendered":"<p>In dieser Zeit erfahren wir eine gro\u00dfe Verschmelzung von Kunst und Leben. Das \u201eGesamtkunstwerk\u201c pr\u00e4gt die Gestaltung auch in der Architektur. Somit stellt diese Gestaltungsepoche einen erheblichen Gegensatz zu allen bis dahin vorgefundenen Stilistiken dar. Auch bei Haust\u00fcren \u00fcberwogen, je nach Region, nun floral geschweifte oder auch \u00adgeometrische Elemente. Ein Stil, der auch bei den\u2026 <a class=\"excerpt-dot\" href=\"https:\/\/denkmal2020.pax.de\/index.php\/stele-4\/jugenstil-ca-1896-bis-1915\/\" title=\"Jugenstil ca. 1896 bis 1915\"><svg xmlns=\"http:\/\/www.w3.org\/2000\/svg\" version=\"1.1\" x=\"0\" y=\"0\" width=\"30.2\" height=\"14.2\" viewBox=\"0 0 30.2 14.2\" enable-background=\"new 0 0 30.167 14.168\" xml:space=\"preserve\"><path d=\"M0.1 7.1c0-0.4 0.4-0.8 0.8-0.8h26.5l-5-4.9c-0.3-0.3-0.3-0.8 0-1.1 0.3-0.3 0.8-0.3 1.1 0l6.3 6.2c0.3 0.3 0.3 0.8 0 1.1l-6.3 6.2c-0.2 0.2-0.4 0.2-0.6 0.2 -0.2 0-0.4-0.1-0.6-0.2 -0.3-0.3-0.3-0.8 0-1.1l4.9-4.8H0.9C0.5 7.9 0.1 7.6 0.1 7.1z\"\/><\/svg><\/a><\/p>\n","protected":false},"author":1,"featured_media":0,"parent":943,"menu_order":0,"comment_status":"closed","ping_status":"closed","template":"","meta":[],"_links":{"self":[{"href":"https:\/\/denkmal2020.pax.de\/index.php\/wp-json\/wp\/v2\/pages\/992"}],"collection":[{"href":"https:\/\/denkmal2020.pax.de\/index.php\/wp-json\/wp\/v2\/pages"}],"about":[{"href":"https:\/\/denkmal2020.pax.de\/index.php\/wp-json\/wp\/v2\/types\/page"}],"author":[{"embeddable":true,"href":"https:\/\/denkmal2020.pax.de\/index.php\/wp-json\/wp\/v2\/users\/1"}],"replies":[{"embeddable":true,"href":"https:\/\/denkmal2020.pax.de\/index.php\/wp-json\/wp\/v2\/comments?post=992"}],"version-history":[{"count":3,"href":"https:\/\/denkmal2020.pax.de\/index.php\/wp-json\/wp\/v2\/pages\/992\/revisions"}],"predecessor-version":[{"id":1155,"href":"https:\/\/denkmal2020.pax.de\/index.php\/wp-json\/wp\/v2\/pages\/992\/revisions\/1155"}],"up":[{"embeddable":true,"href":"https:\/\/denkmal2020.pax.de\/index.php\/wp-json\/wp\/v2\/pages\/943"}],"wp:attachment":[{"href":"https:\/\/denkmal2020.pax.de\/index.php\/wp-json\/wp\/v2\/media?parent=992"}],"curies":[{"name":"wp","href":"https:\/\/api.w.org\/{rel}","templated":true}]}}

<figure class="wp-block-image size-full"><a href="/index.php/stele-4/"><img loading="lazy" width="1900" height="1200" src="/wp-content/uploads/2020/10/HT13.jpg" alt="" class="wp-image-993" srcset="https://denkmal2020.pax.de/wp-content/uploads/2020/10/HT13.jpg 1900w, https://denkmal2020.pax.de/wp-content/uploads/2020/10/HT13-1024x647.jpg 1024w, https://denkmal2020.pax.de/wp-content/uploads/2020/10/HT13-768x485.jpg 768w, https://denkmal2020.pax.de/wp-content/uploads/2020/10/HT13-1536x970.jpg 1536w, https://denkmal2020.pax.de/wp-content/uploads/2020/10/HT13-602x380.jpg 602w, https://denkmal2020.pax.de/wp-content/uploads/2020/10/HT13-800x505.jpg 800w, https://denkmal2020.pax.de/wp-content/uploads/2020/10/HT13-285x180.jpg 285w" sizes="(max-width: 1900px) 100vw, 1900px" /></a></figure>



<p>In dieser Zeit erfahren wir eine große Verschmelzung von Kunst und Leben. Das „Gesamtkunstwerk“ prägt die Gestaltung auch in der Architektur.</p>



<p>Somit stellt diese Gestaltungsepoche einen erheblichen Gegensatz zu allen bis dahin vorgefundenen Stilistiken dar. Auch bei Haustüren überwogen, je nach Region, nun floral geschweifte oder auch ­geometrische Elemente. Ein Stil, der auch bei den so­genannten Windfangtüren zu finden ist. In der Binnengliederung von Haustüren ­waren weiche und fließende Formen üblich &#8211; florale Schnitzereien in den Füllungen und Buntverglasungen mit Bleistegen. Weiterhin benutzt wurden Fitsch- und Einstemmbänder sowie Türgarnituren aus zumeist Messingguss mit eingearbeiteten floralen Elementen.</p>



<p>Die Haustür nimmt in dieser Zeit gestalterisch eine besondere Rolle ein. Sie ist der­ krönende Abschluss der Fassade. Aufliegen­de Bänder und Scharniere waren beliebte Gestaltungselemente.</p>



<p>Trotz der Kürze dieser Epoche brachte sie Unmengen an Gestaltungsvarianten hervor.</p>



<div class="wp-block-image"><figure class="alignright size-large"><a href="/index.php/stele-4/"><img src="/wp-content/uploads/2020/09/zurueck-1.svg" alt="" class="wp-image-662"/></a></figure></div>



<figure class="wp-block-image size-full"><img loading="lazy" width="1900" height="1200" src="http://odihmvmainz.dyn.ddnss.de/wp-content/uploads/2020/10/HT14.jpg" alt="" class="wp-image-994" srcset="https://denkmal2020.pax.de/wp-content/uploads/2020/10/HT14.jpg 1900w, https://denkmal2020.pax.de/wp-content/uploads/2020/10/HT14-1024x647.jpg 1024w, https://denkmal2020.pax.de/wp-content/uploads/2020/10/HT14-768x485.jpg 768w, https://denkmal2020.pax.de/wp-content/uploads/2020/10/HT14-1536x970.jpg 1536w, https://denkmal2020.pax.de/wp-content/uploads/2020/10/HT14-602x380.jpg 602w, https://denkmal2020.pax.de/wp-content/uploads/2020/10/HT14-800x505.jpg 800w, https://denkmal2020.pax.de/wp-content/uploads/2020/10/HT14-285x180.jpg 285w" sizes="(max-width: 1900px) 100vw, 1900px" /></figure>

<p>In dieser Zeit erfahren wir eine große Verschmelzung von Kunst und Leben. Das „Gesamtkunstwerk“ prägt die Gestaltung auch in der Architektur. Somit stellt diese Gestaltungsepoche einen erheblichen Gegensatz zu allen bis dahin vorgefundenen Stilistiken dar. Auch bei Haustüren überwogen, je nach Region, nun floral geschweifte oder auch ­geometrische Elemente. Ein Stil, der auch bei den… <a class="excerpt-dot" href="https://denkmal2020.pax.de/index.php/stele-4/jugenstil-ca-1896-bis-1915/" title="Jugenstil ca. 1896 bis 1915"><svg xmlns="http://www.w3.org/2000/svg" version="1.1" x="0" y="0" width="30.2" height="14.2" viewBox="0 0 30.2 14.2" enable-background="new 0 0 30.167 14.168" xml:space="preserve"><path d="M0.1 7.1c0-0.4 0.4-0.8 0.8-0.8h26.5l-5-4.9c-0.3-0.3-0.3-0.8 0-1.1 0.3-0.3 0.8-0.3 1.1 0l6.3 6.2c0.3 0.3 0.3 0.8 0 1.1l-6.3 6.2c-0.2 0.2-0.4 0.2-0.6 0.2 -0.2 0-0.4-0.1-0.6-0.2 -0.3-0.3-0.3-0.8 0-1.1l4.9-4.8H0.9C0.5 7.9 0.1 7.6 0.1 7.1z"/></svg></a></p>
